CRAN Package Check Results for Package encode

Last updated on 2022-08-17 08:50:58 CEST.

Flavor Version Tinstall Tcheck Ttotal Status Flags
r-devel-linux-x86_64-debian-clang 0.3.6 1.93 22.09 24.02 NOTE
r-devel-linux-x86_64-debian-gcc 0.3.6 NOTE
r-devel-linux-x86_64-fedora-clang 0.3.6 40.69 NOTE
r-devel-linux-x86_64-fedora-gcc 0.3.6 39.57 NOTE
r-devel-windows-x86_64 0.3.6 7.00 46.00 53.00 NOTE
r-patched-linux-x86_64 0.3.6 1.90 21.46 23.36 NOTE
r-release-linux-x86_64 0.3.6 1.80 21.66 23.46 NOTE
r-release-macos-arm64 0.3.6 16.00 NOTE
r-release-macos-x86_64 0.3.6 21.00 NOTE
r-release-windows-x86_64 0.3.6 12.00 49.00 61.00 NOTE
r-oldrel-macos-arm64 0.3.6 16.00 NOTE
r-oldrel-macos-x86_64 0.3.6 24.00 NOTE
r-oldrel-windows-ix86+x86_64 0.3.6 5.00 46.00 51.00 NOTE

Check Details

Version: 0.3.6
Check: Rd files
Result: NOTE
    checkRd: (-1) encode.character.Rd:22: Escaped LaTeX specials: \~
Flavors: r-devel-linux-x86_64-debian-clang, r-devel-linux-x86_64-debian-gcc, r-devel-linux-x86_64-fedora-clang, r-devel-linux-x86_64-fedora-gcc, r-devel-windows-x86_64

Version: 0.3.6
Check: LazyData
Result: NOTE
     'LazyData' is specified without a 'data' directory
Flavors: r-devel-linux-x86_64-debian-clang, r-devel-linux-x86_64-debian-gcc, r-devel-linux-x86_64-fedora-clang, r-devel-linux-x86_64-fedora-gcc, r-devel-windows-x86_64, r-patched-linux-x86_64, r-release-linux-x86_64, r-release-macos-arm64, r-release-macos-x86_64, r-release-windows-x86_64, r-oldrel-macos-arm64, r-oldrel-macos-x86_64, r-oldrel-windows-ix86+x86_64