CRAN Package Check Results for Package encryptedRmd

Last updated on 2023-03-29 19:53:20 CEST.

Flavor Version Tinstall Tcheck Ttotal Status Flags
r-devel-linux-x86_64-debian-clang 0.2.1 2.27 22.16 24.43 NOTE
r-devel-linux-x86_64-debian-gcc 0.2.1 1.62 17.55 19.17 NOTE
r-devel-linux-x86_64-fedora-clang 0.2.1 31.75 NOTE
r-devel-linux-x86_64-fedora-gcc 0.2.1 30.99 NOTE
r-devel-windows-x86_64 0.2.1 19.00 50.00 69.00 NOTE
r-patched-linux-x86_64 0.2.1 1.91 21.40 23.31 NOTE
r-release-linux-x86_64 0.2.1 1.52 22.85 24.37 NOTE
r-release-macos-arm64 0.2.1 17.00 NOTE
r-release-macos-x86_64 0.2.1 27.00 NOTE
r-release-windows-x86_64 0.2.1 20.00 49.00 69.00 NOTE
r-oldrel-macos-arm64 0.2.1 19.00 NOTE
r-oldrel-macos-x86_64 0.2.1 25.00 NOTE
r-oldrel-windows-ix86+x86_64 0.2.1 6.00 47.00 53.00 NOTE

Check Details

Version: 0.2.1
Check: LazyData
Result: NOTE
     'LazyData' is specified without a 'data' directory
Flavors: r-devel-linux-x86_64-debian-clang, r-devel-linux-x86_64-debian-gcc, r-devel-linux-x86_64-fedora-clang, r-devel-linux-x86_64-fedora-gcc, r-devel-windows-x86_64, r-patched-linux-x86_64, r-release-linux-x86_64, r-release-macos-arm64, r-release-macos-x86_64, r-release-windows-x86_64, r-oldrel-macos-arm64, r-oldrel-macos-x86_64, r-oldrel-windows-ix86+x86_64