CRAN Package Check Results for Package encryptr

Last updated on 2023-01-27 05:53:01 CET.

Flavor Version Tinstall Tcheck Ttotal Status Flags
r-devel-linux-x86_64-debian-clang 0.1.3 4.53 61.09 65.62 NOTE
r-devel-linux-x86_64-debian-gcc 0.1.3 3.47 47.29 50.76 NOTE
r-devel-linux-x86_64-fedora-clang 0.1.3 82.54 NOTE
r-devel-linux-x86_64-fedora-gcc 0.1.3 80.06 NOTE
r-devel-windows-x86_64 0.1.3 9.00 76.00 85.00 OK
r-patched-linux-x86_64 0.1.3 8.97 63.19 72.16 NOTE
r-release-linux-x86_64 0.1.3 4.22 60.73 64.95 NOTE
r-release-macos-arm64 0.1.3 27.00 NOTE
r-release-macos-x86_64 0.1.3 51.00 NOTE
r-release-windows-x86_64 0.1.3 17.00 87.00 104.00 OK
r-oldrel-macos-arm64 0.1.3 30.00 NOTE
r-oldrel-macos-x86_64 0.1.3 38.00 NOTE
r-oldrel-windows-ix86+x86_64 0.1.3 13.00 77.00 90.00 OK

Check Details

Version: 0.1.3
Check: for non-standard things in the check directory
Result: NOTE
    Found the following files/directories:
     ‘file.path(temp_dir, gp2.csv)’
Flavors: r-devel-linux-x86_64-debian-clang, r-devel-linux-x86_64-debian-gcc, r-devel-linux-x86_64-fedora-clang, r-devel-linux-x86_64-fedora-gcc, r-patched-linux-x86_64, r-release-linux-x86_64

Version: 0.1.3
Check: dependencies in R code
Result: NOTE
    Namespace in Imports field not imported from: ‘knitr’
     All declared Imports should be used.
Flavors: r-devel-linux-x86_64-fedora-clang, r-devel-linux-x86_64-fedora-gcc, r-release-macos-arm64, r-release-macos-x86_64, r-oldrel-macos-arm64, r-oldrel-macos-x86_64