CRAN Package Check Results for Package entcn

Last updated on 2020-10-28 12:48:00 CET.

Flavor Version Tinstall Tcheck Ttotal Status Flags
r-devel-linux-x86_64-debian-clang 0.1.0 1.88 18.65 20.53 OK
r-devel-linux-x86_64-debian-gcc 0.1.0 1.49 14.72 16.21 OK
r-devel-linux-x86_64-fedora-clang 0.1.0 33.65 NOTE
r-devel-linux-x86_64-fedora-gcc 0.1.0 24.13 NOTE
r-devel-windows-ix86+x86_64 0.1.0 4.00 35.00 39.00 OK
r-patched-linux-x86_64 0.1.0 OK
r-patched-solaris-x86 0.1.0 39.10 NOTE
r-release-linux-x86_64 0.1.0 1.59 18.01 19.60 OK
r-release-macos-x86_64 0.1.0 NOTE
r-release-windows-ix86+x86_64 0.1.0 3.00 29.00 32.00 OK
r-oldrel-macos-x86_64 0.1.0 NOTE
r-oldrel-windows-ix86+x86_64 0.1.0 26.00 34.00 60.00 OK

Check Details

Version: 0.1.0
Check: dependencies in R code
Result: NOTE
    Namespaces in Imports field not imported from:
     ‘RCurl’ ‘bitops’ ‘rjson’
     All declared Imports should be used.
Flavors: r-devel-linux-x86_64-fedora-clang, r-devel-linux-x86_64-fedora-gcc, r-patched-solaris-x86, r-release-macos-x86_64, r-oldrel-macos-x86_64