CRAN Package Check Results for Package entrymodels

Last updated on 2023-09-30 10:57:06 CEST.

Flavor Version Tinstall Tcheck Ttotal Status Flags
r-devel-linux-x86_64-debian-clang 0.2.1 5.00 48.23 53.23 NOTE
r-devel-linux-x86_64-debian-gcc 0.2.1 3.32 35.37 38.69 NOTE
r-devel-linux-x86_64-fedora-clang 0.2.1 65.01 NOTE
r-devel-linux-x86_64-fedora-gcc 0.2.1 63.51 NOTE
r-devel-windows-x86_64 0.2.1 5.00 54.00 59.00 NOTE
r-patched-linux-x86_64 0.2.1 3.95 45.44 49.39 NOTE
r-release-linux-x86_64 0.2.1 4.03 45.52 49.55 NOTE
r-release-macos-arm64 0.2.1 27.00 NOTE
r-release-macos-x86_64 0.2.1 33.00 NOTE
r-release-windows-x86_64 0.2.1 8.00 57.00 65.00 NOTE
r-oldrel-macos-arm64 0.2.1 25.00 NOTE
r-oldrel-macos-x86_64 0.2.1 53.00 NOTE
r-oldrel-windows-x86_64 0.2.1 10.00 64.00 74.00 NOTE

Check Details

Version: 0.2.1
Check: LazyData
Result: NOTE
     'LazyData' is specified without a 'data' directory
Flavors: r-devel-linux-x86_64-debian-clang, r-devel-linux-x86_64-debian-gcc, r-devel-linux-x86_64-fedora-clang, r-devel-linux-x86_64-fedora-gcc, r-devel-windows-x86_64, r-patched-linux-x86_64, r-release-linux-x86_64, r-release-macos-arm64, r-release-macos-x86_64, r-release-windows-x86_64, r-oldrel-macos-arm64, r-oldrel-macos-x86_64, r-oldrel-windows-x86_64