CRAN Package Check Results for Package entrymodels

Last updated on 2021-10-20 11:52:44 CEST.

Flavor Version Tinstall Tcheck Ttotal Status Flags
r-devel-linux-x86_64-debian-clang 0.2.1 4.35 46.54 50.89 NOTE
r-devel-linux-x86_64-debian-gcc 0.2.1 3.21 34.76 37.97 NOTE
r-devel-linux-x86_64-fedora-clang 0.2.1 71.01 NOTE
r-devel-linux-x86_64-fedora-gcc 0.2.1 59.47 NOTE
r-devel-windows-x86_64 0.2.1 9.00 65.00 74.00 NOTE
r-devel-windows-x86_64-gcc10-UCRT 0.2.1 NOTE
r-patched-linux-x86_64 0.2.1 3.81 44.59 48.40 NOTE
r-patched-solaris-x86 0.2.1 83.60 NOTE
r-release-linux-x86_64 0.2.1 2.86 44.66 47.52 NOTE
r-release-macos-arm64 0.2.1 NOTE
r-release-macos-x86_64 0.2.1 NOTE
r-release-windows-ix86+x86_64 0.2.1 16.00 61.00 77.00 NOTE
r-oldrel-macos-x86_64 0.2.1 OK
r-oldrel-windows-ix86+x86_64 0.2.1 13.00 72.00 85.00 OK

Check Details

Version: 0.2.1
Check: LazyData
Result: NOTE
     'LazyData' is specified without a 'data' directory
Flavors: r-devel-linux-x86_64-debian-clang, r-devel-linux-x86_64-debian-gcc, r-devel-linux-x86_64-fedora-clang, r-devel-linux-x86_64-fedora-gcc, r-devel-windows-x86_64, r-devel-windows-x86_64-gcc10-UCRT, r-patched-linux-x86_64, r-patched-solaris-x86, r-release-linux-x86_64, r-release-macos-arm64, r-release-macos-x86_64, r-release-windows-ix86+x86_64