CRAN Package Check Results for Package enviPick

Last updated on 2019-05-23 14:49:02 CEST.

Flavor Version Tinstall Tcheck Ttotal Status Flags
r-devel-linux-x86_64-debian-clang 1.5 7.55 44.45 52.00 OK
r-devel-linux-x86_64-debian-gcc 1.5 6.80 35.27 42.07 OK
r-devel-linux-x86_64-fedora-clang 1.5 65.12 NOTE
r-devel-linux-x86_64-fedora-gcc 1.5 61.68 NOTE
r-devel-windows-ix86+x86_64 1.5 18.00 69.00 87.00 OK
r-patched-linux-x86_64 1.5 7.40 45.31 52.71 OK
r-patched-solaris-x86 1.5 87.10 OK
r-release-linux-x86_64 1.5 8.40 44.85 53.25 OK
r-release-windows-ix86+x86_64 1.5 25.00 68.00 93.00 OK
r-release-osx-x86_64 1.5 OK
r-oldrel-windows-ix86+x86_64 1.5 11.00 62.00 73.00 OK
r-oldrel-osx-x86_64 1.5 OK

Check Details

Version: 1.5
Check: compiled code
Result: NOTE
    File ‘enviPick/libs/enviPick.so’:
     Found no calls to: ‘R_registerRoutines’, ‘R_useDynamicSymbols’
    
    It is good practice to register native routines and to disable symbol
    search.
    
    See ‘Writing portable packages’ in the ‘Writing R Extensions’ manual.
Flavors: r-devel-linux-x86_64-fedora-clang, r-devel-linux-x86_64-fedora-gcc