CRAN Package Check Results for Package envirem

Last updated on 2017-11-21 06:47:31 CET.

Flavor Version Tinstall Tcheck Ttotal Status Flags
r-devel-linux-x86_64-debian-clang 1.1 2.98 85.72 88.70 OK
r-devel-linux-x86_64-debian-gcc 1.1 3.11 81.60 84.71 OK
r-devel-linux-x86_64-fedora-clang 1.1 138.99 OK
r-devel-linux-x86_64-fedora-gcc 1.1 193.20 OK
r-devel-windows-ix86+x86_64 1.1 15.00 129.00 144.00 OK
r-patched-linux-x86_64 1.1 3.54 93.03 96.57 OK
r-patched-solaris-x86 1.1 203.70 OK
r-release-linux-x86_64 1.1 3.34 82.20 85.55 OK
r-release-windows-ix86+x86_64 1.1 11.00 122.00 133.00 OK
r-release-osx-x86_64 1.1 ERROR
r-oldrel-windows-ix86+x86_64 1.1 10.00 155.00 165.00 OK
r-oldrel-osx-x86_64 1.1 OK

Check Details

Version: 1.1
Check: package dependencies
Result: NOTE
    Package suggested but not available for checking: ‘rgdal’
Flavor: r-release-osx-x86_64

Version: 1.1
Check: examples
Result: ERROR
    Running examples in ‘envirem-Ex.R’ failed
    The error most likely occurred in:
    
    > ### Name: PETseasonality
    > ### Title: PET seasonality
    > ### Aliases: PETseasonality
    >
    > ### ** Examples
    >
    > # Find example rasters
    > rasterFiles <- list.files(system.file('extdata', package='envirem'), full.names=TRUE)
    > env <- stack(rasterFiles)
    Error in .rasterObjectFromFile(x, band = band, objecttype = "RasterLayer", :
     Cannot create RasterLayer object from this file; perhaps you need to install rgdal first
    Calls: stack ... raster -> raster -> .local -> .rasterObjectFromFile
    Execution halted
Flavor: r-release-osx-x86_64