CRAN Package Check Results for Package envirem

Last updated on 2017-06-22 21:47:59.

Flavor Version Tinstall Tcheck Ttotal Status Flags
r-devel-linux-x86_64-debian-clang 1.1 3.58 86.01 89.59 OK
r-devel-linux-x86_64-debian-gcc 1.1 3.66 81.08 84.74 OK
r-devel-linux-x86_64-fedora-clang 1.1 158.81 OK
r-devel-linux-x86_64-fedora-gcc 1.1 155.17 OK
r-devel-windows-ix86+x86_64 1.1 18.00 162.00 180.00 OK
r-patched-linux-x86_64 1.1 3.64 81.68 85.32 OK
r-patched-solaris-sparc 1.1 782.00 OK
r-patched-solaris-x86 1.1 207.30 OK
r-release-linux-x86_64 1.1 3.45 85.97 89.42 OK
r-release-windows-ix86+x86_64 1.1 16.00 172.00 188.00 OK
r-release-osx-x86_64 1.1 ERROR
r-oldrel-windows-ix86+x86_64 1.1 14.00 118.00 132.00 OK
r-oldrel-osx-x86_64 1.1 OK

Check Details

Version: 1.1
Check: package dependencies
Result: NOTE
    Package suggested but not available for checking: ‘rgdal’
Flavor: r-release-osx-x86_64

Version: 1.1
Check: examples
Result: ERROR
    Running examples in ‘envirem-Ex.R’ failed
    The error most likely occurred in:
    
    > ### Name: PETseasonality
    > ### Title: PET seasonality
    > ### Aliases: PETseasonality
    >
    > ### ** Examples
    >
    > # Find example rasters
    > rasterFiles <- list.files(system.file('extdata', package='envirem'), full.names=TRUE)
    > env <- stack(rasterFiles)
    Error in .rasterObjectFromFile(x, band = band, objecttype = "RasterLayer", :
     Cannot create RasterLayer object from this file; perhaps you need to install rgdal first
    Calls: stack ... raster -> raster -> .local -> .rasterObjectFromFile
    Execution halted
Flavor: r-release-osx-x86_64