CRAN Package Check Results for Package envirem

Last updated on 2017-07-27 02:47:34.

Flavor Version Tinstall Tcheck Ttotal Status Flags
r-devel-linux-x86_64-debian-clang 1.1 3.35 96.77 100.12 OK
r-devel-linux-x86_64-debian-gcc 1.1 3.50 87.80 91.30 OK
r-devel-linux-x86_64-fedora-clang 1.1 161.27 OK
r-devel-linux-x86_64-fedora-gcc 1.1 157.88 OK
r-devel-windows-ix86+x86_64 1.1 14.00 163.00 177.00 OK
r-patched-linux-x86_64 1.1 3.48 97.79 101.28 OK
r-patched-solaris-x86 1.1 213.40 OK
r-release-linux-x86_64 1.1 3.56 90.51 94.06 OK
r-release-windows-ix86+x86_64 1.1 19.00 161.00 180.00 OK
r-release-osx-x86_64 1.1 ERROR
r-oldrel-windows-ix86+x86_64 1.1 10.00 113.00 123.00 OK
r-oldrel-osx-x86_64 1.1 OK

Check Details

Version: 1.1
Check: package dependencies
Result: NOTE
    Package suggested but not available for checking: ‘rgdal’
Flavor: r-release-osx-x86_64

Version: 1.1
Check: examples
Result: ERROR
    Running examples in ‘envirem-Ex.R’ failed
    The error most likely occurred in:
    
    > ### Name: PETseasonality
    > ### Title: PET seasonality
    > ### Aliases: PETseasonality
    >
    > ### ** Examples
    >
    > # Find example rasters
    > rasterFiles <- list.files(system.file('extdata', package='envirem'), full.names=TRUE)
    > env <- stack(rasterFiles)
    Error in .rasterObjectFromFile(x, band = band, objecttype = "RasterLayer", :
     Cannot create RasterLayer object from this file; perhaps you need to install rgdal first
    Calls: stack ... raster -> raster -> .local -> .rasterObjectFromFile
    Execution halted
Flavor: r-release-osx-x86_64