CRAN Package Check Results for Package envirem

Last updated on 2018-01-18 20:48:57 CET.

Flavor Version Tinstall Tcheck Ttotal Status Flags
r-devel-linux-x86_64-debian-clang 1.1 3.57 114.45 118.02 OK
r-devel-linux-x86_64-debian-gcc 1.1 3.99 99.54 103.53 OK
r-devel-linux-x86_64-fedora-clang 1.1 145.16 OK
r-devel-linux-x86_64-fedora-gcc 1.1 139.04 OK
r-devel-windows-ix86+x86_64 1.1 17.00 126.00 143.00 OK
r-patched-linux-x86_64 1.1 4.80 125.32 130.12 OK
r-patched-solaris-x86 1.1 220.30 OK
r-release-linux-x86_64 1.1 5.51 125.21 130.72 OK
r-release-windows-ix86+x86_64 1.1 10.00 122.00 132.00 OK
r-release-osx-x86_64 1.1 ERROR
r-oldrel-windows-ix86+x86_64 1.1 13.00 158.00 171.00 OK
r-oldrel-osx-x86_64 1.1 OK

Check Details

Version: 1.1
Check: package dependencies
Result: NOTE
    Package suggested but not available for checking: ‘rgdal’
Flavor: r-release-osx-x86_64

Version: 1.1
Check: examples
Result: ERROR
    Running examples in ‘envirem-Ex.R’ failed
    The error most likely occurred in:
    
    > ### Name: PETseasonality
    > ### Title: PET seasonality
    > ### Aliases: PETseasonality
    >
    > ### ** Examples
    >
    > # Find example rasters
    > rasterFiles <- list.files(system.file('extdata', package='envirem'), full.names=TRUE)
    > env <- stack(rasterFiles)
    Error in .rasterObjectFromFile(x, band = band, objecttype = "RasterLayer", :
     Cannot create RasterLayer object from this file; perhaps you need to install rgdal first
    Calls: stack ... raster -> raster -> .local -> .rasterObjectFromFile
    Execution halted
Flavor: r-release-osx-x86_64