CRAN Package Check Results for Package envirem

Last updated on 2017-09-23 08:48:20.

Flavor Version Tinstall Tcheck Ttotal Status Flags
r-devel-linux-x86_64-debian-clang 1.1 3.47 85.93 89.40 OK
r-devel-linux-x86_64-debian-gcc 1.1 3.20 89.42 92.62 OK
r-devel-linux-x86_64-fedora-clang 1.1 150.61 OK
r-devel-linux-x86_64-fedora-gcc 1.1 156.24 OK
r-devel-windows-ix86+x86_64 1.1 12.00 122.00 134.00 OK
r-patched-linux-x86_64 1.1 3.29 83.04 86.33 OK
r-patched-solaris-x86 1.1 204.70 OK
r-release-linux-x86_64 1.1 3.52 81.72 85.24 OK
r-release-windows-ix86+x86_64 1.1 10.00 118.00 128.00 OK
r-release-osx-x86_64 1.1 ERROR
r-oldrel-windows-ix86+x86_64 1.1 11.00 106.00 117.00 OK
r-oldrel-osx-x86_64 1.1 OK

Check Details

Version: 1.1
Check: package dependencies
Result: NOTE
    Package suggested but not available for checking: ‘rgdal’
Flavor: r-release-osx-x86_64

Version: 1.1
Check: examples
Result: ERROR
    Running examples in ‘envirem-Ex.R’ failed
    The error most likely occurred in:
    
    > ### Name: PETseasonality
    > ### Title: PET seasonality
    > ### Aliases: PETseasonality
    >
    > ### ** Examples
    >
    > # Find example rasters
    > rasterFiles <- list.files(system.file('extdata', package='envirem'), full.names=TRUE)
    > env <- stack(rasterFiles)
    Error in .rasterObjectFromFile(x, band = band, objecttype = "RasterLayer", :
     Cannot create RasterLayer object from this file; perhaps you need to install rgdal first
    Calls: stack ... raster -> raster -> .local -> .rasterObjectFromFile
    Execution halted
Flavor: r-release-osx-x86_64