CRAN Package Check Results for Package epandist

Last updated on 2022-07-04 10:52:11 CEST.

Flavor Version Tinstall Tcheck Ttotal Status Flags
r-devel-linux-x86_64-debian-clang 1.1.1 2.03 25.26 27.29 NOTE
r-devel-linux-x86_64-debian-gcc 1.1.1 1.53 19.21 20.74 NOTE
r-devel-linux-x86_64-fedora-clang 1.1.1 43.28 NOTE
r-devel-linux-x86_64-fedora-gcc 1.1.1 42.61 NOTE
r-devel-windows-x86_64 1.1.1 18.00 53.00 71.00 NOTE
r-patched-linux-x86_64 1.1.1 1.84 24.52 26.36 NOTE
r-release-linux-x86_64 1.1.1 1.90 23.74 25.64 NOTE
r-release-macos-arm64 1.1.1 17.00 NOTE
r-release-macos-x86_64 1.1.1 21.00 NOTE
r-release-windows-x86_64 1.1.1 13.00 51.00 64.00 NOTE
r-oldrel-macos-arm64 1.1.1 21.00 NOTE
r-oldrel-macos-x86_64 1.1.1 26.00 NOTE
r-oldrel-windows-ix86+x86_64 1.1.1 5.00 39.00 44.00 NOTE

Check Details

Version: 1.1.1
Check: LazyData
Result: NOTE
     'LazyData' is specified without a 'data' directory
Flavors: r-devel-linux-x86_64-debian-clang, r-devel-linux-x86_64-debian-gcc, r-devel-linux-x86_64-fedora-clang, r-devel-linux-x86_64-fedora-gcc, r-devel-windows-x86_64, r-patched-linux-x86_64, r-release-linux-x86_64, r-release-macos-arm64, r-release-macos-x86_64, r-release-windows-x86_64, r-oldrel-macos-arm64, r-oldrel-macos-x86_64, r-oldrel-windows-ix86+x86_64