CRAN Package Check Results for Package epanet2toolkit

Last updated on 2021-10-25 10:54:20 CEST.

Flavor Version Tinstall Tcheck Ttotal Status Flags
r-devel-linux-x86_64-debian-clang 0.5.1 14.28 30.75 45.03 OK
r-devel-linux-x86_64-debian-gcc 0.5.1 12.06 23.76 35.82 OK
r-devel-linux-x86_64-fedora-clang 0.5.1 68.13 OK
r-devel-linux-x86_64-fedora-gcc 0.5.1 57.52 OK
r-devel-windows-x86_64 0.5.1 29.00 55.00 84.00 OK
r-devel-windows-x86_64-gcc10-UCRT 0.5.1 WARN
r-patched-linux-x86_64 0.5.1 14.63 30.06 44.69 OK
r-patched-solaris-x86 0.5.1 79.90 OK
r-release-linux-x86_64 0.5.1 14.27 29.72 43.99 OK
r-release-macos-arm64 0.5.1 OK
r-release-macos-x86_64 0.5.1 OK
r-release-windows-ix86+x86_64 0.5.1 46.00 66.00 112.00 OK
r-oldrel-macos-x86_64 0.5.1 OK
r-oldrel-windows-ix86+x86_64 0.5.1 57.00 69.00 126.00 OK

Check Details

Version: 0.5.1
Check: whether package can be installed
Result: WARN
    Found the following significant warnings:
     report.c:1466:31: warning: '%02d' directive writing between 2 and 11 bytes into a region of size between 1 and 8 [-Wformat-overflow=]
Flavor: r-devel-windows-x86_64-gcc10-UCRT