CRAN Package Check Results for Package epca

Last updated on 2020-08-12 20:46:56 CEST.

Flavor Version Tinstall Tcheck Ttotal Status Flags
r-devel-linux-x86_64-debian-clang 1.0.0 0.49 2.82 3.31 ERROR
r-devel-linux-x86_64-debian-gcc 1.0.0 2.59 38.39 40.98 OK
r-devel-linux-x86_64-fedora-clang 1.0.0 65.36 NOTE
r-devel-linux-x86_64-fedora-gcc 1.0.0 54.26 NOTE
r-devel-windows-ix86+x86_64 1.0.0 13.00 81.00 94.00 OK
r-patched-linux-x86_64 1.0.0 3.19 42.83 46.02 OK
r-patched-solaris-x86 1.0.0 84.60 NOTE
r-release-linux-x86_64 1.0.0 0.46 2.69 3.15 ERROR
r-release-macos-x86_64 1.0.0 NOTE
r-release-windows-ix86+x86_64 1.0.0 16.00 79.00 95.00 OK
r-oldrel-macos-x86_64 1.0.0 NOTE
r-oldrel-windows-ix86+x86_64 1.0.0 5.00 55.00 60.00 OK

Check Details

Version: 1.0.0
Check: package dependencies
Result: ERROR
    Package required but not available: 'tidyverse'
    
    See section 'The DESCRIPTION file' in the 'Writing R Extensions'
    manual.
Flavors: r-devel-linux-x86_64-debian-clang, r-release-linux-x86_64

Version: 1.0.0
Check: dependencies in R code
Result: NOTE
    Namespaces in Imports field not imported from:
     ‘RSpectra’ ‘tidyverse’
     All declared Imports should be used.
Flavors: r-devel-linux-x86_64-fedora-clang, r-devel-linux-x86_64-fedora-gcc, r-patched-solaris-x86, r-release-macos-x86_64, r-oldrel-macos-x86_64