CRAN Package Check Results for Package epiCleanr

Last updated on 2024-04-15 11:56:21 CEST.

Flavor Version Tinstall Tcheck Ttotal Status Flags
r-devel-linux-x86_64-debian-clang 0.2.0 8.80 74.35 83.15 OK
r-devel-linux-x86_64-debian-gcc 0.2.0 7.29 55.56 62.85 OK
r-devel-linux-x86_64-fedora-clang 0.2.0 105.65 NOTE
r-devel-linux-x86_64-fedora-gcc 0.2.0 110.21 OK
r-prerel-macos-arm64 0.2.0 35.00 NOTE
r-prerel-windows-x86_64 0.2.0 8.00 79.00 87.00 NOTE
r-patched-linux-x86_64 0.2.0 16.54 70.58 87.12 OK
r-release-linux-x86_64 0.2.0 5.44 70.11 75.55 OK
r-release-macos-arm64 0.2.0 46.00 NOTE
r-release-macos-x86_64 0.2.0 87.00 NOTE
r-release-windows-x86_64 0.2.0 11.00 86.00 97.00 NOTE
r-oldrel-macos-arm64 0.2.0 40.00 NOTE
r-oldrel-windows-x86_64 0.2.0 11.00 91.00 102.00 NOTE

Check Details

Version: 0.2.0
Check: installed package size
Result: NOTE installed size is 5.6Mb sub-directories of 1Mb or more: doc 2.9Mb help 2.5Mb Flavors: r-devel-linux-x86_64-fedora-clang, r-prerel-macos-arm64, r-prerel-windows-x86_64, r-release-macos-arm64, r-release-macos-x86_64, r-release-windows-x86_64, r-oldrel-macos-arm64, r-oldrel-windows-x86_64