CRAN Package Check Results for Package epikit

Last updated on 2020-09-20 07:51:27 CEST.

Flavor Version Tinstall Tcheck Ttotal Status Flags
r-devel-linux-x86_64-debian-clang 0.1.2 2.66 32.38 35.04 NOTE
r-devel-linux-x86_64-debian-gcc 0.1.2 1.82 25.39 27.21 NOTE
r-devel-linux-x86_64-fedora-clang 0.1.2 53.15 NOTE
r-devel-linux-x86_64-fedora-gcc 0.1.2 43.33 NOTE
r-devel-windows-ix86+x86_64 0.1.2 6.00 41.00 47.00 NOTE
r-patched-linux-x86_64 0.1.2 2.72 32.18 34.90 NOTE
r-patched-solaris-x86 0.1.2 61.40 NOTE
r-release-linux-x86_64 0.1.2 2.68 31.95 34.63 NOTE
r-release-macos-x86_64 0.1.2 NOTE
r-release-windows-ix86+x86_64 0.1.2 7.00 54.00 61.00 NOTE
r-oldrel-macos-x86_64 0.1.2 NOTE
r-oldrel-windows-ix86+x86_64 0.1.2 3.00 39.00 42.00 NOTE

Check Details

Version: 0.1.2
Check: package dependencies
Result: NOTE
    Package suggested but not available for checking: 'epidict'
Flavors: r-devel-linux-x86_64-debian-clang, r-devel-linux-x86_64-debian-gcc, r-devel-linux-x86_64-fedora-clang, r-devel-linux-x86_64-fedora-gcc, r-devel-windows-ix86+x86_64, r-patched-linux-x86_64, r-patched-solaris-x86, r-release-linux-x86_64, r-release-macos-x86_64, r-release-windows-ix86+x86_64, r-oldrel-macos-x86_64, r-oldrel-windows-ix86+x86_64