Last updated on 2023-12-04 14:53:34 CET.
Flavor | Version | Tinstall | Tcheck | Ttotal | Status | Flags |
---|---|---|---|---|---|---|
r-devel-linux-x86_64-debian-clang | 0.6-5 | 11.20 | 59.73 | 70.93 | OK | |
r-devel-linux-x86_64-debian-gcc | 0.6-5 | 6.60 | 46.02 | 52.62 | OK | |
r-devel-linux-x86_64-fedora-clang | 0.6-5 | 89.24 | OK | |||
r-devel-linux-x86_64-fedora-gcc | 0.6-5 | 85.11 | OK | |||
r-devel-windows-x86_64 | 0.6-5 | 11.00 | 76.00 | 87.00 | OK | |
r-patched-linux-x86_64 | 0.6-5 | 10.25 | 58.02 | 68.27 | OK | |
r-release-linux-x86_64 | 0.6-5 | 8.60 | 59.10 | 67.70 | OK | |
r-release-macos-arm64 | 0.6-5 | 30.00 | OK | |||
r-release-macos-x86_64 | 0.6-5 | 43.00 | NOTE | |||
r-release-windows-x86_64 | 0.6-5 | 14.00 | 82.00 | 96.00 | OK | |
r-oldrel-macos-arm64 | 0.6-5 | 24.00 | OK | |||
r-oldrel-macos-x86_64 | 0.6-5 | 54.00 | OK | |||
r-oldrel-windows-x86_64 | 0.6-5 | 14.00 | 80.00 | 94.00 | OK |
Version: 0.6-5
Check: package dependencies
Result: NOTE
Packages suggested but not available for checking:
'fields', 'forecast', 'imputeTS', 'lme4', 'statnet'
Flavor: r-release-macos-x86_64