Last updated on 2023-06-07 23:40:34 CEST.
Flavor | Version | Tinstall | Tcheck | Ttotal | Status | Flags |
---|---|---|---|---|---|---|
r-devel-linux-x86_64-debian-clang | 0.0.1 | 2.41 | 27.97 | 30.38 | NOTE | |
r-devel-linux-x86_64-debian-gcc | 0.0.1 | 2.00 | 21.77 | 23.77 | NOTE | |
r-devel-linux-x86_64-fedora-clang | 0.0.1 | 38.42 | NOTE | |||
r-devel-linux-x86_64-fedora-gcc | 0.0.1 | 51.03 | NOTE | |||
r-devel-windows-x86_64 | 0.0.1 | 6.00 | 45.00 | 51.00 | NOTE | |
r-patched-linux-x86_64 | 0.0.1 | 2.69 | 27.21 | 29.90 | NOTE | |
r-release-linux-x86_64 | 0.0.1 | 2.29 | 27.03 | 29.32 | NOTE | |
r-release-macos-arm64 | 0.0.1 | 25.00 | NOTE | |||
r-release-macos-x86_64 | 0.0.1 | 35.00 | NOTE | |||
r-release-windows-x86_64 | 0.0.1 | 5.00 | 47.00 | 52.00 | NOTE | |
r-oldrel-macos-arm64 | 0.0.1 | 20.00 | NOTE | |||
r-oldrel-macos-x86_64 | 0.0.1 | 24.00 | NOTE | |||
r-oldrel-windows-x86_64 | 0.0.1 | 4.00 | 48.00 | 52.00 | NOTE |
Version: 0.0.1
Check: LazyData
Result: NOTE
'LazyData' is specified without a 'data' directory
Flavors: r-devel-linux-x86_64-debian-clang, r-devel-linux-x86_64-debian-gcc, r-devel-linux-x86_64-fedora-clang, r-devel-linux-x86_64-fedora-gcc, r-devel-windows-x86_64, r-patched-linux-x86_64, r-release-linux-x86_64, r-release-macos-arm64, r-release-macos-x86_64, r-release-windows-x86_64, r-oldrel-macos-arm64, r-oldrel-macos-x86_64, r-oldrel-windows-x86_64
Version: 0.0.1
Check: for non-standard things in the check directory
Result: NOTE
Found the following files/directories:
‘episcan_1geno_cc.txt’ ‘episcan_1geno_quant.txt’
‘episcan_2geno_cc.txt’ ‘episcan_2geno_quant.txt’
Flavors: r-devel-linux-x86_64-debian-clang, r-devel-linux-x86_64-debian-gcc, r-devel-linux-x86_64-fedora-clang, r-devel-linux-x86_64-fedora-gcc, r-patched-linux-x86_64, r-release-linux-x86_64