CRAN Package Check Results for Package episcan

Last updated on 2020-03-31 19:49:41 CEST.

Flavor Version Tinstall Tcheck Ttotal Status Flags
r-devel-linux-x86_64-debian-clang 0.0.1 2.41 26.12 28.53 NOTE
r-devel-linux-x86_64-debian-gcc 0.0.1 1.88 20.79 22.67 NOTE
r-devel-linux-x86_64-fedora-clang 0.0.1 35.27 NOTE
r-devel-linux-x86_64-fedora-gcc 0.0.1 33.82 NOTE
r-devel-windows-ix86+x86_64 0.0.1 8.00 34.00 42.00 OK
r-devel-windows-ix86+x86_64-gcc8 0.0.1 6.00 39.00 45.00 OK
r-patched-linux-x86_64 0.0.1 2.14 24.92 27.06 NOTE
r-patched-solaris-x86 0.0.1 55.10 NOTE
r-release-linux-x86_64 0.0.1 1.76 23.47 25.23 OK
r-release-windows-ix86+x86_64 0.0.1 17.00 55.00 72.00 OK
r-release-osx-x86_64 0.0.1 OK
r-oldrel-windows-ix86+x86_64 0.0.1 4.00 51.00 55.00 OK
r-oldrel-osx-x86_64 0.0.1 OK

Check Details

Version: 0.0.1
Check: for non-standard things in the check directory
Result: NOTE
    Found the following files/directories:
     'episcan_1geno_cc.txt' 'episcan_1geno_quant.txt'
     'episcan_2geno_cc.txt' 'episcan_2geno_quant.txt'
Flavors: r-devel-linux-x86_64-debian-clang, r-devel-linux-x86_64-debian-gcc, r-devel-linux-x86_64-fedora-clang, r-devel-linux-x86_64-fedora-gcc, r-patched-linux-x86_64, r-patched-solaris-x86