CRAN Package Check Results for Package episensr

Last updated on 2019-01-20 00:16:03 CET.

Flavor Version Tinstall Tcheck Ttotal Status Flags
r-devel-linux-x86_64-debian-clang 0.9.3 12.56 102.11 114.67 OK
r-devel-linux-x86_64-debian-gcc 0.9.3 9.20 77.26 86.46 OK
r-devel-linux-x86_64-fedora-clang 0.9.3 133.71 OK
r-devel-linux-x86_64-fedora-gcc 0.9.3 126.94 OK
r-devel-windows-ix86+x86_64 0.9.3 24.00 140.00 164.00 OK
r-patched-linux-x86_64 0.9.3 13.00 93.91 106.91 OK
r-patched-solaris-x86 0.9.3 183.30 OK
r-release-linux-x86_64 0.9.3 10.53 94.83 105.36 OK
r-release-windows-ix86+x86_64 0.9.3 22.00 145.00 167.00 OK
r-release-osx-x86_64 0.9.3 OK
r-oldrel-windows-ix86+x86_64 0.9.2 9.00 122.00 131.00 OK
r-oldrel-osx-x86_64 0.9.3 ERROR

Check Details

Version: 0.9.3
Check: whether package can be installed
Result: ERROR
    Installation failed.
Flavor: r-oldrel-osx-x86_64