CRAN Package Check Results for Package episplineDensity

Last updated on 2021-10-19 23:52:54 CEST.

Flavor Version Tinstall Tcheck Ttotal Status Flags
r-devel-linux-x86_64-debian-clang 0.0-1 3.73 29.07 32.80 NOTE
r-devel-linux-x86_64-debian-gcc 0.0-1 3.06 22.31 25.37 NOTE
r-devel-linux-x86_64-fedora-clang 0.0-1 50.42 NOTE
r-devel-linux-x86_64-fedora-gcc 0.0-1 39.98 NOTE
r-devel-windows-x86_64 0.0-1 7.00 45.00 52.00 NOTE
r-devel-windows-x86_64-gcc10-UCRT 0.0-1 NOTE
r-patched-linux-x86_64 0.0-1 4.38 28.01 32.39 NOTE
r-patched-solaris-x86 0.0-1 57.70 NOTE
r-release-linux-x86_64 0.0-1 4.14 28.67 32.81 NOTE
r-release-macos-arm64 0.0-1 NOTE
r-release-macos-x86_64 0.0-1 NOTE
r-release-windows-ix86+x86_64 0.0-1 6.00 43.00 49.00 NOTE
r-oldrel-macos-x86_64 0.0-1 NOTE
r-oldrel-windows-ix86+x86_64 0.0-1 8.00 45.00 53.00 NOTE

Check Details

Version: 0.0-1
Check: R code for possible problems
Result: NOTE
    plot.episplineDensity: no visible global function definition for
     'points'
    postproc: no visible global function definition for 'points'
    preprocess.data: no visible global function definition for 'sd'
    Undefined global functions or variables:
     points sd
    Consider adding
     importFrom("graphics", "points")
     importFrom("stats", "sd")
    to your NAMESPACE file.
Flavors: r-devel-linux-x86_64-debian-clang, r-devel-linux-x86_64-debian-gcc, r-devel-linux-x86_64-fedora-clang, r-devel-linux-x86_64-fedora-gcc, r-devel-windows-x86_64, r-devel-windows-x86_64-gcc10-UCRT, r-patched-linux-x86_64, r-patched-solaris-x86, r-release-linux-x86_64, r-release-macos-arm64, r-release-macos-x86_64, r-release-windows-ix86+x86_64, r-oldrel-macos-x86_64, r-oldrel-windows-ix86+x86_64