CRAN Package Check Results for Package epitab

Last updated on 2019-03-23 11:50:54 CET.

Flavor Version Tinstall Tcheck Ttotal Status Flags
r-devel-linux-x86_64-debian-clang 0.2.2 2.87 33.45 36.32 OK
r-devel-linux-x86_64-debian-gcc 0.2.2 2.29 26.73 29.02 OK
r-devel-linux-x86_64-fedora-clang 0.2.2 45.43 OK
r-devel-linux-x86_64-fedora-gcc 0.2.2 42.33 OK
r-devel-windows-ix86+x86_64 0.2.2 9.00 61.00 70.00 OK
r-patched-linux-x86_64 0.2.2 1.89 31.68 33.57 OK
r-patched-solaris-x86 0.2.2 62.80 OK
r-release-linux-x86_64 0.2.2 0.34 2.29 2.63 ERROR
r-release-windows-ix86+x86_64 0.2.2 4.00 46.00 50.00 OK
r-release-osx-x86_64 0.2.2 OK
r-oldrel-windows-ix86+x86_64 0.2.2 8.00 68.00 76.00 OK
r-oldrel-osx-x86_64 0.2.2 OK

Check Details

Version: 0.2.2
Check: whether package can be installed
Result: ERROR
    Installation failed.
Flavor: r-release-linux-x86_64