Last updated on 2023-12-04 22:57:38 CET.
Flavor | Version | Tinstall | Tcheck | Ttotal | Status | Flags |
---|---|---|---|---|---|---|
r-devel-linux-x86_64-debian-clang | 2.2.16 | 21.80 | 138.74 | 160.54 | NOTE | |
r-devel-linux-x86_64-debian-gcc | 2.2.16 | 17.77 | 98.02 | 115.79 | NOTE | |
r-devel-linux-x86_64-fedora-clang | 2.2.16 | 202.14 | NOTE | |||
r-devel-linux-x86_64-fedora-gcc | 2.2.16 | 209.88 | NOTE | |||
r-devel-windows-x86_64 | 2.2.16 | 19.00 | 130.00 | 149.00 | OK | |
r-patched-linux-x86_64 | 2.2.16 | 13.59 | 127.86 | 141.45 | NOTE | |
r-release-linux-x86_64 | 2.2.16 | 13.13 | 127.15 | 140.28 | NOTE | |
r-release-macos-arm64 | 2.2.16 | 97.00 | NOTE | |||
r-release-macos-x86_64 | 2.2.16 | 176.00 | NOTE | |||
r-release-windows-x86_64 | 2.2.16 | 25.00 | 155.00 | 180.00 | OK | |
r-oldrel-macos-arm64 | 2.2.16 | 90.00 | NOTE | |||
r-oldrel-macos-x86_64 | 2.2.13 | 108.00 | NOTE | |||
r-oldrel-windows-x86_64 | 2.2.16 | 27.00 | 155.00 | 182.00 | OK |
Version: 2.2.16
Check: package dependencies
Result: NOTE
Package suggested but not available for checking: ‘taskscheduleR’
Flavors: r-devel-linux-x86_64-debian-clang, r-devel-linux-x86_64-debian-gcc, r-devel-linux-x86_64-fedora-gcc, r-patched-linux-x86_64, r-release-linux-x86_64, r-release-macos-arm64, r-release-macos-x86_64, r-oldrel-macos-arm64
Version: 2.2.16
Check: package dependencies
Result: NOTE
Package suggested but not available for checking: ‘taskscheduleR’
Imports includes 34 non-default packages.
Importing from so many packages makes the package vulnerable to any of
them becoming unavailable. Move as many as possible to Suggests and
use conditionally.
Flavor: r-devel-linux-x86_64-fedora-clang
Version: 2.2.16
Check: dependencies in R code
Result: NOTE
Namespaces in Imports field not imported from:
‘httpuv’ ‘knitr’ ‘plyr’ ‘tidyverse’ ‘xml2’
All declared Imports should be used.
Flavors: r-devel-linux-x86_64-fedora-clang, r-devel-linux-x86_64-fedora-gcc
Version: 2.2.13
Check: package dependencies
Result: NOTE
Package suggested but not available for checking: ‘taskscheduleR’
Flavor: r-oldrel-macos-x86_64
Version: 2.2.13
Check: dependencies in R code
Result: NOTE
Namespaces in Imports field not imported from:
‘httpuv’ ‘knitr’ ‘plyr’ ‘rgdal’ ‘tidyverse’ ‘tokenizers’ ‘xml2’
All declared Imports should be used.
Flavor: r-oldrel-macos-x86_64