Last updated on 2023-09-27 10:00:38 CEST.
Flavor | Version | Tinstall | Tcheck | Ttotal | Status | Flags |
---|---|---|---|---|---|---|
r-devel-linux-x86_64-debian-clang | 1.0 | 9.39 | 93.62 | 103.01 | OK | |
r-devel-linux-x86_64-debian-gcc | 1.0 | 7.08 | 70.26 | 77.34 | OK | |
r-devel-linux-x86_64-fedora-clang | 1.0 | 124.42 | NOTE | |||
r-devel-linux-x86_64-fedora-gcc | 1.0 | 120.26 | NOTE | |||
r-devel-windows-x86_64 | 1.0 | 11.00 | 100.00 | 111.00 | OK | |
r-patched-linux-x86_64 | 1.0 | 9.02 | 88.21 | 97.23 | OK | |
r-release-linux-x86_64 | 1.0 | 6.10 | 86.63 | 92.73 | OK | |
r-release-macos-arm64 | 1.0 | 44.00 | OK | |||
r-release-macos-x86_64 | 1.0 | 65.00 | OK | |||
r-release-windows-x86_64 | 1.0 | 14.00 | 118.00 | 132.00 | OK | |
r-oldrel-macos-arm64 | 1.0 | 54.00 | NOTE | |||
r-oldrel-macos-x86_64 | 1.0 | 88.00 | NOTE | |||
r-oldrel-windows-x86_64 | 1.0 | 13.00 | 119.00 | 132.00 | OK |
Version: 1.0
Check: dependencies in R code
Result: NOTE
Namespace in Imports field not imported from: ‘testthat’
All declared Imports should be used.
Flavors: r-devel-linux-x86_64-fedora-clang, r-devel-linux-x86_64-fedora-gcc, r-oldrel-macos-arm64, r-oldrel-macos-x86_64
Version: 1.0
Check: data for non-ASCII characters
Result: NOTE
Note: found 15 marked UTF-8 strings
Flavors: r-devel-linux-x86_64-fedora-clang, r-devel-linux-x86_64-fedora-gcc, r-oldrel-macos-arm64, r-oldrel-macos-x86_64