CRAN Package Check Results for Package equatags

Last updated on 2022-09-27 14:53:27 CEST.

Flavor Version Tinstall Tcheck Ttotal Status Flags
r-devel-linux-x86_64-debian-clang 0.2.0 3.06 35.39 38.45 OK
r-devel-linux-x86_64-debian-gcc 0.2.0 2.43 27.02 29.45 OK
r-devel-linux-x86_64-fedora-clang 0.2.0 59.53 OK
r-devel-linux-x86_64-fedora-gcc 0.2.0 60.00 OK
r-devel-windows-x86_64 0.2.0 13.00 57.00 70.00 OK
r-patched-linux-x86_64 0.2.0 3.36 34.35 37.71 OK
r-release-linux-x86_64 0.2.0 3.04 33.74 36.78 OK
r-release-macos-arm64 0.2.0 19.00 OK
r-release-macos-x86_64 0.2.0 8.00 ERROR
r-release-windows-x86_64 0.2.0 10.00 61.00 71.00 OK
r-oldrel-macos-arm64 0.2.0 18.00 OK
r-oldrel-macos-x86_64 0.2.0 26.00 OK
r-oldrel-windows-ix86+x86_64 0.2.0 12.00 70.00 82.00 OK

Check Details

Version: 0.2.0
Check: package dependencies
Result: ERROR
    Package required but not available: ‘katex’
    
    See section ‘The DESCRIPTION file’ in the ‘Writing R Extensions’
    manual.
Flavor: r-release-macos-x86_64