CRAN Package Check Results for Package equateMultiple

Last updated on 2022-09-30 13:52:08 CEST.

Flavor Version Tinstall Tcheck Ttotal Status Flags
r-devel-linux-x86_64-debian-clang 0.1.0 44.41 148.94 193.35 WARN
r-devel-linux-x86_64-debian-gcc 0.1.0 38.35 112.47 150.82 OK
r-devel-linux-x86_64-fedora-clang 0.1.0 262.72 WARN
r-devel-linux-x86_64-fedora-gcc 0.1.0 252.21 OK
r-devel-windows-x86_64 0.1.0 56.00 200.00 256.00 OK
r-patched-linux-x86_64 0.1.0 51.45 139.52 190.97 OK
r-release-linux-x86_64 0.1.0 42.54 138.89 181.43 OK
r-release-macos-arm64 0.1.0 66.00 OK
r-release-macos-x86_64 0.1.0 114.00 OK
r-release-windows-x86_64 0.1.0 72.00 199.00 271.00 OK
r-oldrel-macos-arm64 0.1.0 77.00 OK
r-oldrel-macos-x86_64 0.1.0 119.00 OK
r-oldrel-windows-ix86+x86_64 0.1.0 108.00 231.00 339.00 OK

Additional issues

clang14

Check Details

Version: 0.1.0
Check: whether package can be installed
Result: WARN
    Found the following significant warnings:
     EqMult.cpp:542:12: warning: use of bitwise '&' with boolean operands [-Wbitwise-instead-of-logical]
Flavors: r-devel-linux-x86_64-debian-clang, r-devel-linux-x86_64-fedora-clang