CRAN Package Check Results for Package equivUMP

Last updated on 2021-04-16 21:50:19 CEST.

Flavor Version Tinstall Tcheck Ttotal Status Flags
r-devel-linux-x86_64-debian-clang 0.1.1 1.93 22.03 23.96 NOTE
r-devel-linux-x86_64-debian-gcc 0.1.1 1.58 17.37 18.95 NOTE
r-devel-linux-x86_64-fedora-clang 0.1.1 38.95 NOTE
r-devel-linux-x86_64-fedora-gcc 0.1.1 28.63 NOTE
r-devel-windows-ix86+x86_64 0.1.1 5.00 33.00 38.00 NOTE
r-devel-windows-x86_64-gcc10-UCRT 0.1.1 NOTE
r-patched-linux-x86_64 0.1.1 1.97 21.04 23.01 OK
r-patched-solaris-x86 0.1.1 44.30 OK
r-release-linux-x86_64 0.1.1 1.91 21.16 23.07 OK
r-release-macos-x86_64 0.1.1 OK
r-release-windows-ix86+x86_64 0.1.1 5.00 25.00 30.00 OK
r-oldrel-macos-x86_64 0.1.1 OK
r-oldrel-windows-ix86+x86_64 0.1.1 3.00 40.00 43.00 OK

Check Details

Version: 0.1.1
Check: LazyData
Result: NOTE
     'LazyData' is specified without a 'data' directory
Flavors: r-devel-linux-x86_64-debian-clang, r-devel-linux-x86_64-debian-gcc, r-devel-linux-x86_64-fedora-clang, r-devel-linux-x86_64-fedora-gcc, r-devel-windows-ix86+x86_64, r-devel-windows-x86_64-gcc10-UCRT