CRAN Package Check Results for Package erboost

Last updated on 2020-09-18 19:49:03 CEST.

Flavor Version Tinstall Tcheck Ttotal Status Flags
r-devel-linux-x86_64-debian-clang 1.3 14.27 24.79 39.06 OK
r-devel-linux-x86_64-debian-gcc 1.3 9.70 19.73 29.43 OK
r-devel-linux-x86_64-fedora-clang 1.3 65.51 NOTE
r-devel-linux-x86_64-fedora-gcc 1.3 47.61 NOTE
r-devel-windows-ix86+x86_64 1.3 35.00 54.00 89.00 OK
r-patched-linux-x86_64 1.3 10.57 25.17 35.74 OK
r-patched-solaris-x86 1.3 70.60 OK
r-release-linux-x86_64 1.3 10.95 24.98 35.93 OK
r-release-macos-x86_64 1.3 OK
r-release-windows-ix86+x86_64 1.3 33.00 42.00 75.00 OK
r-oldrel-macos-x86_64 1.3 OK
r-oldrel-windows-ix86+x86_64 1.3 40.00 59.00 99.00 OK

Check Details

Version: 1.3
Check: compiled code
Result: NOTE
    File ‘erboost/libs/erboost.so’:
     Found no calls to: ‘R_registerRoutines’, ‘R_useDynamicSymbols’
    
    It is good practice to register native routines and to disable symbol
    search.
    
    See ‘Writing portable packages’ in the ‘Writing R Extensions’ manual.
Flavors: r-devel-linux-x86_64-fedora-clang, r-devel-linux-x86_64-fedora-gcc