CRAN Package Check Results for Package erboost

Last updated on 2019-06-27 08:49:04 CEST.

Flavor Version Tinstall Tcheck Ttotal Status Flags
r-devel-linux-x86_64-debian-clang 1.3 11.24 23.20 34.44 OK
r-devel-linux-x86_64-debian-gcc 1.3 7.63 18.82 26.45 OK
r-devel-linux-x86_64-fedora-clang 1.3 50.80 NOTE
r-devel-linux-x86_64-fedora-gcc 1.3 40.32 NOTE
r-devel-windows-ix86+x86_64 1.3 48.00 48.00 96.00 OK
r-patched-linux-x86_64 1.3 9.73 23.14 32.87 OK
r-patched-solaris-x86 1.3 67.60 OK
r-release-linux-x86_64 1.3 9.06 23.31 32.37 OK
r-release-windows-ix86+x86_64 1.3 29.00 76.00 105.00 OK
r-release-osx-x86_64 1.3 OK
r-oldrel-windows-ix86+x86_64 1.3 31.00 48.00 79.00 OK
r-oldrel-osx-x86_64 1.3 OK

Check Details

Version: 1.3
Check: compiled code
Result: NOTE
    File ‘erboost/libs/erboost.so’:
     Found no calls to: ‘R_registerRoutines’, ‘R_useDynamicSymbols’
    
    It is good practice to register native routines and to disable symbol
    search.
    
    See ‘Writing portable packages’ in the ‘Writing R Extensions’ manual.
Flavors: r-devel-linux-x86_64-fedora-clang, r-devel-linux-x86_64-fedora-gcc