CRAN Package Check Results for Package ergm.ego

Last updated on 2021-09-19 03:51:00 CEST.

Flavor Version Tinstall Tcheck Ttotal Status Flags
r-devel-linux-x86_64-debian-clang 1.0.0 17.28 499.33 516.61 OK
r-devel-linux-x86_64-debian-gcc 1.0.0 15.85 364.27 380.12 OK
r-devel-linux-x86_64-fedora-clang 1.0.0 585.24 OK
r-devel-linux-x86_64-fedora-gcc 1.0.0 593.75 OK
r-devel-windows-x86_64 1.0.0 23.00 684.00 707.00 OK
r-devel-windows-x86_64-gcc10-UCRT 1.0.0 ERROR
r-patched-linux-x86_64 1.0.0 23.90 449.12 473.02 OK
r-patched-solaris-x86 1.0.0 1119.30 OK
r-release-linux-x86_64 1.0.0 14.18 469.28 483.46 OK
r-release-macos-arm64 1.0.0 OK
r-release-macos-x86_64 1.0.0 OK
r-release-windows-ix86+x86_64 1.0.0 41.00 1022.00 1063.00 OK
r-oldrel-macos-x86_64 1.0.0 OK
r-oldrel-windows-ix86+x86_64 1.0.0 47.00 1041.00 1088.00 OK

Check Details

Version: 1.0.0
Check: whether package can be installed
Result: ERROR
    Installation failed.
Flavor: r-devel-windows-x86_64-gcc10-UCRT