Last updated on 2023-01-27 01:56:42 CET.
Flavor | Version | Tinstall | Tcheck | Ttotal | Status | Flags |
---|---|---|---|---|---|---|
r-devel-linux-x86_64-debian-clang | 4.3.2 | 79.74 | 619.52 | 699.26 | OK | --no-vignettes |
r-devel-linux-x86_64-debian-gcc | 4.3.2 | 66.72 | 468.08 | 534.80 | OK | --no-vignettes |
r-devel-linux-x86_64-fedora-clang | 4.3.2 | 1171.01 | NOTE | |||
r-devel-linux-x86_64-fedora-gcc | 4.3.2 | 1170.99 | OK | |||
r-devel-windows-x86_64 | 4.3.2 | 292.00 | 266.00 | 558.00 | OK | --no-examples --no-tests --no-vignettes |
r-patched-linux-x86_64 | 4.3.2 | 93.88 | 574.88 | 668.76 | WARN | --no-vignettes |
r-release-linux-x86_64 | 4.3.2 | 73.12 | 589.23 | 662.35 | OK | --no-vignettes |
r-release-macos-arm64 | 4.3.2 | 278.00 | NOTE | |||
r-release-macos-x86_64 | 4.3.2 | 360.00 | NOTE | |||
r-release-windows-x86_64 | 4.3.2 | 272.00 | 173.00 | 445.00 | OK | --no-examples --no-tests --no-vignettes |
r-oldrel-macos-arm64 | 4.3.2 | 267.00 | NOTE | |||
r-oldrel-macos-x86_64 | 4.3.2 | 355.00 | NOTE | |||
r-oldrel-windows-ix86+x86_64 | 4.3.2 | 212.00 | 195.00 | 407.00 | NOTE | --no-examples --no-tests --no-vignettes |
Version: 4.3.2
Check: installed package size
Result: NOTE
installed size is 5.2Mb
sub-directories of 1Mb or more:
R 1.1Mb
doc 1.8Mb
Flavors: r-devel-linux-x86_64-fedora-clang, r-release-macos-arm64, r-release-macos-x86_64, r-oldrel-macos-arm64, r-oldrel-macos-x86_64
Version: 4.3.2
Flags: --no-vignettes
Check: whether package can be installed
Result: WARN
Found the following significant warnings:
Rd warning: no hsearch.rds meta data for package ergm
Flavor: r-patched-linux-x86_64
Version: 4.3.2
Flags: --no-examples --no-tests --no-vignettes
Check: installed package size
Result: NOTE
installed size is 5.7Mb
sub-directories of 1Mb or more:
R 1.1Mb
doc 1.7Mb
libs 1.3Mb
Flavor: r-oldrel-windows-ix86+x86_64