CRAN Package Check Results for Package ergmito

Last updated on 2025-01-25 13:51:03 CET.

Flavor Version Tinstall Tcheck Ttotal Status Flags
r-devel-linux-x86_64-debian-clang 0.3-1 84.38 176.10 260.48 NOTE
r-devel-linux-x86_64-debian-gcc 0.3-1 60.37 116.78 177.15 NOTE
r-devel-linux-x86_64-fedora-clang 0.3-1 483.16 OK
r-devel-linux-x86_64-fedora-gcc 0.3-1 470.84 OK
r-devel-windows-x86_64 0.3-1 86.00 193.00 279.00 NOTE
r-patched-linux-x86_64 0.3-1 91.26 161.13 252.39 OK
r-release-linux-x86_64 0.3-1 82.85 162.31 245.16 OK
r-release-macos-arm64 0.3-1 121.00 NOTE
r-release-macos-x86_64 0.3-1 194.00 NOTE
r-release-windows-x86_64 0.3-1 78.00 191.00 269.00 OK
r-oldrel-macos-arm64 0.3-1 121.00 NOTE
r-oldrel-macos-x86_64 0.3-1 326.00 NOTE
r-oldrel-windows-x86_64 0.3-1 99.00 257.00 356.00 OK

Check Details

Version: 0.3-1
Check: Rd cross-references
Result: NOTE Found the following Rd file(s) with Rd \link{} targets missing package anchors: nvertex.Rd: network Please provide package anchors for all Rd \link{} targets not in the package itself and the base packages. Flavors: r-devel-linux-x86_64-debian-clang, r-devel-linux-x86_64-debian-gcc, r-devel-windows-x86_64

Version: 0.3-1
Check: installed package size
Result: NOTE installed size is 5.6Mb sub-directories of 1Mb or more: libs 4.2Mb Flavors: r-release-macos-arm64, r-release-macos-x86_64, r-oldrel-macos-arm64, r-oldrel-macos-x86_64