CRAN Package Check Results for Package erp.easy

Last updated on 2018-10-19 00:50:01 CEST.

Flavor Version Tinstall Tcheck Ttotal Status Flags
r-devel-linux-x86_64-debian-clang 1.1.0 2.63 28.42 31.05 OK
r-devel-linux-x86_64-debian-gcc 1.1.0 2.40 22.10 24.50 OK
r-devel-linux-x86_64-fedora-clang 1.1.0 36.14 NOTE
r-devel-linux-x86_64-fedora-gcc 1.1.0 34.65 NOTE
r-devel-windows-ix86+x86_64 1.1.0 5.00 52.00 57.00 OK
r-patched-linux-x86_64 1.1.0 2.28 25.62 27.90 OK
r-patched-solaris-x86 1.1.0 48.20 NOTE
r-release-linux-x86_64 1.1.0 2.74 26.17 28.91 OK
r-release-windows-ix86+x86_64 1.1.0 4.00 50.00 54.00 OK
r-release-osx-x86_64 1.1.0 NOTE
r-oldrel-windows-ix86+x86_64 1.1.0 3.00 52.00 55.00 OK
r-oldrel-osx-x86_64 1.1.0 NOTE

Check Details

Version: 1.1.0
Check: dependencies in R code
Result: NOTE
    Namespace in Imports field not imported from: ‘signal’
     All declared Imports should be used.
Flavors: r-devel-linux-x86_64-fedora-clang, r-devel-linux-x86_64-fedora-gcc, r-patched-solaris-x86, r-release-osx-x86_64, r-oldrel-osx-x86_64