CRAN Package Check Results for Package erp.easy

Last updated on 2018-05-25 06:48:52 CEST.

Flavor Version Tinstall Tcheck Ttotal Status Flags
r-devel-linux-x86_64-debian-clang 1.1.0 2.40 23.90 26.30 OK
r-devel-linux-x86_64-debian-gcc 1.1.0 2.18 20.96 23.14 OK
r-devel-linux-x86_64-fedora-clang 1.1.0 35.71 NOTE
r-devel-linux-x86_64-fedora-gcc 1.1.0 34.03 NOTE
r-devel-windows-ix86+x86_64 1.1.0 5.00 43.00 48.00 OK
r-patched-linux-x86_64 1.1.0 2.64 25.95 28.59 OK
r-patched-solaris-x86 1.1.0 49.90 NOTE
r-release-linux-x86_64 1.1.0 2.92 25.78 28.70 OK
r-release-windows-ix86+x86_64 1.1.0 6.00 36.00 42.00 OK
r-release-osx-x86_64 1.1.0 NOTE
r-oldrel-windows-ix86+x86_64 1.1.0 5.00 35.00 40.00 OK
r-oldrel-osx-x86_64 1.1.0 NOTE

Check Details

Version: 1.1.0
Check: dependencies in R code
Result: NOTE
    Namespace in Imports field not imported from: ‘signal’
     All declared Imports should be used.
Flavors: r-devel-linux-x86_64-fedora-clang, r-devel-linux-x86_64-fedora-gcc, r-patched-solaris-x86, r-release-osx-x86_64, r-oldrel-osx-x86_64