CRAN Package Check Results for Package erp.easy

Last updated on 2018-08-16 17:49:04 CEST.

Flavor Version Tinstall Tcheck Ttotal Status Flags
r-devel-linux-x86_64-debian-clang 1.1.0 2.97 28.13 31.10 OK
r-devel-linux-x86_64-debian-gcc 1.1.0 2.47 22.00 24.47 OK
r-devel-linux-x86_64-fedora-clang 1.1.0 36.91 NOTE
r-devel-linux-x86_64-fedora-gcc 1.1.0 33.79 NOTE
r-devel-windows-ix86+x86_64 1.1.0 4.00 53.00 57.00 OK
r-patched-linux-x86_64 1.1.0 2.85 25.91 28.76 OK
r-patched-solaris-x86 1.1.0 49.80 NOTE
r-release-linux-x86_64 1.1.0 2.52 25.97 28.49 OK
r-release-windows-ix86+x86_64 1.1.0 6.00 52.00 58.00 OK
r-release-osx-x86_64 1.1.0 NOTE
r-oldrel-windows-ix86+x86_64 1.1.0 5.00 38.00 43.00 OK
r-oldrel-osx-x86_64 1.1.0 NOTE

Check Details

Version: 1.1.0
Check: dependencies in R code
Result: NOTE
    Namespace in Imports field not imported from: ‘signal’
     All declared Imports should be used.
Flavors: r-devel-linux-x86_64-fedora-clang, r-devel-linux-x86_64-fedora-gcc, r-patched-solaris-x86, r-release-osx-x86_64, r-oldrel-osx-x86_64