CRAN Package Check Results for Package erp.easy

Last updated on 2019-01-18 16:52:34 CET.

Flavor Version Tinstall Tcheck Ttotal Status Flags
r-devel-linux-x86_64-debian-clang 1.1.0 2.52 27.89 30.41 OK
r-devel-linux-x86_64-debian-gcc 1.1.0 2.50 21.65 24.15 OK
r-devel-linux-x86_64-fedora-clang 1.1.0 36.19 NOTE
r-devel-linux-x86_64-fedora-gcc 1.1.0 33.98 NOTE
r-devel-windows-ix86+x86_64 1.1.0 7.00 52.00 59.00 OK
r-patched-linux-x86_64 1.1.0 2.39 25.79 28.18 OK
r-patched-solaris-x86 1.1.0 51.30 NOTE
r-release-linux-x86_64 1.1.0 2.87 26.09 28.96 OK
r-release-windows-ix86+x86_64 1.1.0 7.00 49.00 56.00 OK
r-release-osx-x86_64 1.1.0 NOTE
r-oldrel-windows-ix86+x86_64 1.1.0 5.00 36.00 41.00 OK
r-oldrel-osx-x86_64 1.1.0 NOTE

Check Details

Version: 1.1.0
Check: dependencies in R code
Result: NOTE
    Namespace in Imports field not imported from: ‘signal’
     All declared Imports should be used.
Flavors: r-devel-linux-x86_64-fedora-clang, r-devel-linux-x86_64-fedora-gcc, r-patched-solaris-x86, r-release-osx-x86_64, r-oldrel-osx-x86_64