CRAN Package Check Results for Package errint

Last updated on 2021-09-16 22:55:29 CEST.

Flavor Version Tinstall Tcheck Ttotal Status Flags
r-devel-linux-x86_64-debian-clang 1.0 4.13 52.63 56.76 NOTE
r-devel-linux-x86_64-debian-gcc 1.0 3.42 39.66 43.08 NOTE
r-devel-linux-x86_64-fedora-clang 1.0 76.24 NOTE
r-devel-linux-x86_64-fedora-gcc 1.0 64.54 NOTE
r-devel-windows-x86_64 1.0 5.00 72.00 77.00 NOTE
r-devel-windows-x86_64-gcc10-UCRT 1.0 NOTE
r-patched-linux-x86_64 1.0 5.45 50.26 55.71 NOTE
r-patched-solaris-x86 1.0 94.80 NOTE
r-release-linux-x86_64 1.0 3.77 50.65 54.42 NOTE
r-release-macos-arm64 1.0 NOTE
r-release-macos-x86_64 1.0 NOTE
r-release-windows-ix86+x86_64 1.0 9.00 54.00 63.00 NOTE
r-oldrel-macos-x86_64 1.0 OK
r-oldrel-windows-ix86+x86_64 1.0 7.00 78.00 85.00 OK

Check Details

Version: 1.0
Check: LazyData
Result: NOTE
     'LazyData' is specified without a 'data' directory
Flavors: r-devel-linux-x86_64-debian-clang, r-devel-linux-x86_64-debian-gcc, r-devel-linux-x86_64-fedora-clang, r-devel-linux-x86_64-fedora-gcc, r-devel-windows-x86_64, r-devel-windows-x86_64-gcc10-UCRT, r-patched-linux-x86_64, r-patched-solaris-x86, r-release-linux-x86_64, r-release-macos-arm64, r-release-macos-x86_64, r-release-windows-ix86+x86_64