CRAN Package Check Results for Package esmisc

Last updated on 2021-11-28 03:54:06 CET.

Flavor Version Tinstall Tcheck Ttotal Status Flags
r-devel-linux-x86_64-debian-clang 0.0.3 NOTE
r-devel-linux-x86_64-debian-gcc 0.0.3 20.48 176.86 197.34 NOTE
r-devel-linux-x86_64-fedora-clang 0.0.3 314.70 NOTE
r-devel-linux-x86_64-fedora-gcc 0.0.3 304.96 NOTE
r-devel-windows-x86_64-new-UL 0.0.3 37.00 314.00 351.00 NOTE
r-devel-windows-x86_64-new-TK 0.0.3 NOTE
r-devel-windows-x86_64-old 0.0.3 30.00 266.00 296.00 NOTE
r-patched-linux-x86_64 0.0.3 22.33 228.29 250.62 NOTE
r-patched-solaris-x86 0.0.3 386.60 NOTE
r-release-linux-x86_64 0.0.3 NOTE
r-release-macos-arm64 0.0.3 NOTE
r-release-macos-x86_64 0.0.3 NOTE
r-release-windows-ix86+x86_64 0.0.3 57.00 174.00 231.00 NOTE
r-oldrel-macos-x86_64 0.0.3 OK
r-oldrel-windows-ix86+x86_64 0.0.3 61.00 255.00 316.00 OK

Check Details

Version: 0.0.3
Check: LazyData
Result: NOTE
     'LazyData' is specified without a 'data' directory
Flavors: r-devel-linux-x86_64-debian-clang, r-devel-linux-x86_64-debian-gcc, r-devel-linux-x86_64-fedora-clang, r-devel-linux-x86_64-fedora-gcc, r-devel-windows-x86_64-new-UL, r-devel-windows-x86_64-new-TK, r-devel-windows-x86_64-old, r-patched-linux-x86_64, r-patched-solaris-x86, r-release-linux-x86_64, r-release-macos-arm64, r-release-macos-x86_64, r-release-windows-ix86+x86_64