Last updated on 2023-03-28 09:53:44 CEST.
Flavor | Version | Tinstall | Tcheck | Ttotal | Status | Flags |
---|---|---|---|---|---|---|
r-devel-linux-x86_64-debian-clang | 1.1.2 | 15.36 | 108.34 | 123.70 | OK | |
r-devel-linux-x86_64-debian-gcc | 1.1.2 | 11.63 | 80.34 | 91.97 | OK | |
r-devel-linux-x86_64-fedora-clang | 1.1.2 | 156.59 | OK | |||
r-devel-linux-x86_64-fedora-gcc | 1.1.2 | 158.30 | OK | |||
r-devel-windows-x86_64 | 1.1.2 | 154.00 | 147.00 | 301.00 | OK | |
r-patched-linux-x86_64 | 1.1.2 | 12.31 | 100.80 | 113.11 | OK | |
r-release-linux-x86_64 | 1.1.2 | 8.89 | 102.28 | 111.17 | OK | |
r-release-macos-arm64 | 1.1.2 | 46.00 | OK | |||
r-release-macos-x86_64 | 1.1.2 | 63.00 | OK | |||
r-release-windows-x86_64 | 1.1.2 | 108.00 | 157.00 | 265.00 | OK | |
r-oldrel-macos-arm64 | 1.1.2 | 46.00 | OK | |||
r-oldrel-macos-x86_64 | 1.1.2 | 67.00 | OK | |||
r-oldrel-windows-ix86+x86_64 | 1.1.2 | 34.00 | 139.00 | 173.00 | NOTE |
Version: 1.1.2
Check: R code for possible problems
Result: NOTE
Initiating curl with CURL_SSL_BACKEND: openssl
Flavor: r-oldrel-windows-ix86+x86_64