CRAN Package Check Results for Package essHist

Last updated on 2021-10-19 00:49:15 CEST.

Flavor Version Tinstall Tcheck Ttotal Status Flags
r-devel-linux-x86_64-debian-clang 1.2.2 32.38 107.03 139.41 NOTE
r-devel-linux-x86_64-debian-gcc 1.2.2 22.91 73.20 96.11 NOTE
r-devel-linux-x86_64-fedora-clang 1.2.2 191.37 NOTE
r-devel-linux-x86_64-fedora-gcc 1.2.2 174.47 NOTE
r-devel-windows-x86_64 1.2.2 46.00 204.00 250.00 NOTE
r-devel-windows-x86_64-gcc10-UCRT 1.2.2 NOTE
r-patched-linux-x86_64 1.2.2 27.22 105.82 133.04 NOTE
r-patched-solaris-x86 1.2.2 308.10 NOTE
r-release-linux-x86_64 1.2.2 28.38 108.04 136.42 NOTE
r-release-macos-arm64 1.2.2 NOTE
r-release-macos-x86_64 1.2.2 NOTE
r-release-windows-ix86+x86_64 1.2.2 62.00 356.00 418.00 NOTE
r-oldrel-macos-x86_64 1.2.2 OK
r-oldrel-windows-ix86+x86_64 1.2.2 83.00 355.00 438.00 OK

Check Details

Version: 1.2.2
Check: LazyData
Result: NOTE
     'LazyData' is specified without a 'data' directory
Flavors: r-devel-linux-x86_64-debian-clang, r-devel-linux-x86_64-debian-gcc, r-devel-linux-x86_64-fedora-clang, r-devel-linux-x86_64-fedora-gcc, r-devel-windows-x86_64, r-devel-windows-x86_64-gcc10-UCRT, r-patched-linux-x86_64, r-patched-solaris-x86, r-release-linux-x86_64, r-release-macos-arm64, r-release-macos-x86_64, r-release-windows-ix86+x86_64