CRAN Package Check Results for Package estatapi

Last updated on 2021-09-17 08:50:18 CEST.

Flavor Version Tinstall Tcheck Ttotal Status Flags
r-devel-linux-x86_64-debian-clang 0.4.0 2.36 26.42 28.78 NOTE
r-devel-linux-x86_64-debian-gcc 0.4.0 1.83 20.89 22.72 NOTE
r-devel-linux-x86_64-fedora-clang 0.4.0 44.00 NOTE
r-devel-linux-x86_64-fedora-gcc 0.4.0 33.45 NOTE
r-devel-windows-x86_64 0.4.0 4.00 43.00 47.00 NOTE
r-devel-windows-x86_64-gcc10-UCRT 0.4.0 NOTE
r-patched-linux-x86_64 0.4.0 1.68 25.83 27.51 NOTE
r-patched-solaris-x86 0.4.0 53.60 NOTE
r-release-linux-x86_64 0.4.0 1.47 25.81 27.28 NOTE
r-release-macos-arm64 0.4.0 NOTE
r-release-macos-x86_64 0.4.0 NOTE
r-release-windows-ix86+x86_64 0.4.0 5.00 33.00 38.00 NOTE
r-oldrel-macos-x86_64 0.4.0 OK
r-oldrel-windows-ix86+x86_64 0.4.0 5.00 41.00 46.00 OK

Check Details

Version: 0.4.0
Check: LazyData
Result: NOTE
     'LazyData' is specified without a 'data' directory
Flavors: r-devel-linux-x86_64-debian-clang, r-devel-linux-x86_64-debian-gcc, r-devel-linux-x86_64-fedora-clang, r-devel-linux-x86_64-fedora-gcc, r-devel-windows-x86_64, r-devel-windows-x86_64-gcc10-UCRT, r-patched-linux-x86_64, r-patched-solaris-x86, r-release-linux-x86_64, r-release-macos-arm64, r-release-macos-x86_64, r-release-windows-ix86+x86_64