Last updated on 2022-08-18 16:48:52 CEST.
Flavor | Version | Tinstall | Tcheck | Ttotal | Status | Flags |
---|---|---|---|---|---|---|
r-devel-linux-x86_64-debian-clang | 1.0.0 | 92.79 | 154.82 | 247.61 | OK | |
r-devel-linux-x86_64-debian-gcc | 1.0.0 | 78.19 | 118.81 | 197.00 | OK | |
r-devel-linux-x86_64-fedora-clang | 1.0.0 | 313.01 | OK | |||
r-devel-linux-x86_64-fedora-gcc | 1.0.0 | 345.21 | OK | |||
r-devel-windows-x86_64 | 1.0.0 | 91.00 | 204.00 | 295.00 | OK | |
r-patched-linux-x86_64 | 1.0.0 | 92.46 | 146.99 | 239.45 | OK | |
r-release-linux-x86_64 | 1.0.0 | OK | ||||
r-release-macos-arm64 | 1.0.0 | 82.00 | NOTE | |||
r-release-macos-x86_64 | 1.0.0 | 108.00 | NOTE | |||
r-release-windows-x86_64 | 1.0.0 | 95.00 | 193.00 | 288.00 | OK | |
r-oldrel-macos-arm64 | 1.0.0 | 81.00 | NOTE | |||
r-oldrel-macos-x86_64 | 1.0.0 | 103.00 | NOTE | |||
r-oldrel-windows-ix86+x86_64 | 1.0.0 | 208.00 | 275.00 | 483.00 | WARN |
Version: 1.0.0
Check: installed package size
Result: NOTE
installed size is 27.5Mb
sub-directories of 1Mb or more:
libs 27.1Mb
Flavors: r-release-macos-arm64, r-release-macos-x86_64, r-oldrel-macos-arm64, r-oldrel-macos-x86_64
Version: 1.0.0
Check: for unstated dependencies in ‘tests’
Result: WARN
Warning: unable to access index for repository https://bioconductor.org/packages/3.14/bioc/src/contrib:
cannot open URL 'https://bioconductor.org/packages/3.14/bioc/src/contrib/PACKAGES'
Warning: unable to access index for repository https://bioconductor.org/packages/3.14/data/annotation/src/contrib:
cannot open URL 'https://bioconductor.org/packages/3.14/data/annotation/src/contrib/PACKAGES'
Warning: unable to access index for repository https://bioconductor.org/packages/3.14/data/experiment/src/contrib:
cannot open URL 'https://bioconductor.org/packages/3.14/data/experiment/src/contrib/PACKAGES'
Flavor: r-oldrel-windows-ix86+x86_64