CRAN Package Check Results for Package ethnobotanyR

Last updated on 2022-09-30 02:51:42 CEST.

Flavor Version Tinstall Tcheck Ttotal Status Flags
r-devel-linux-x86_64-debian-clang 0.1.8 7.40 103.26 110.66 NOTE
r-devel-linux-x86_64-debian-gcc 0.1.8 6.07 76.44 82.51 NOTE
r-devel-linux-x86_64-fedora-clang 0.1.8 150.83 NOTE
r-devel-linux-x86_64-fedora-gcc 0.1.8 145.01 NOTE
r-devel-windows-x86_64 0.1.8 23.00 133.00 156.00 NOTE
r-patched-linux-x86_64 0.1.8 9.01 97.03 106.04 OK
r-release-linux-x86_64 0.1.8 7.07 94.54 101.61 OK
r-release-macos-arm64 0.1.8 44.00 OK
r-release-macos-x86_64 0.1.8 80.00 OK
r-release-windows-x86_64 0.1.8 38.00 129.00 167.00 OK
r-oldrel-macos-arm64 0.1.8 53.00 OK
r-oldrel-macos-x86_64 0.1.8 72.00 OK
r-oldrel-windows-ix86+x86_64 0.1.8 18.00 140.00 158.00 OK

Check Details

Version: 0.1.8
Check: package subdirectories
Result: NOTE
    Problems with news in 'NEWS.md':
    No news entries found.
Flavors: r-devel-linux-x86_64-debian-clang, r-devel-linux-x86_64-debian-gcc, r-devel-linux-x86_64-fedora-clang, r-devel-linux-x86_64-fedora-gcc, r-devel-windows-x86_64