CRAN Package Check Results for Package etrader

Last updated on 2021-05-15 22:50:09 CEST.

Flavor Version Tinstall Tcheck Ttotal Status Flags
r-devel-linux-x86_64-debian-clang 0.1.3 2.90 25.26 28.16 NOTE
r-devel-linux-x86_64-debian-gcc 0.1.3 2.18 20.16 22.34 NOTE
r-devel-linux-x86_64-fedora-clang 0.1.3 43.49 NOTE
r-devel-linux-x86_64-fedora-gcc 0.1.3 32.52 NOTE
r-devel-windows-ix86+x86_64 0.1.3 8.00 43.00 51.00 NOTE
r-devel-windows-x86_64-gcc10-UCRT 0.1.3 NOTE
r-patched-linux-x86_64 0.1.3 3.32 24.62 27.94 NOTE
r-patched-solaris-x86 0.1.3 49.30 NOTE
r-release-linux-x86_64 0.1.3 2.52 24.69 27.21 OK
r-release-macos-x86_64 0.1.3 OK
r-release-windows-ix86+x86_64 0.1.3 5.00 45.00 50.00 OK
r-oldrel-macos-x86_64 0.1.3 OK
r-oldrel-windows-ix86+x86_64 0.1.3 4.00 43.00 47.00 OK

Check Details

Version: 0.1.3
Check: LazyData
Result: NOTE
     'LazyData' is specified without a 'data' directory
Flavors: r-devel-linux-x86_64-debian-clang, r-devel-linux-x86_64-debian-gcc, r-devel-linux-x86_64-fedora-clang, r-devel-linux-x86_64-fedora-gcc, r-devel-windows-ix86+x86_64, r-devel-windows-x86_64-gcc10-UCRT, r-patched-linux-x86_64, r-patched-solaris-x86