CRAN Package Check Results for Package etrunct

Last updated on 2023-09-22 02:59:05 CEST.

Flavor Version Tinstall Tcheck Ttotal Status Flags
r-devel-linux-x86_64-debian-clang 0.1 1.90 21.71 23.61 NOTE
r-devel-linux-x86_64-debian-gcc 0.1 1.61 17.00 18.61 NOTE
r-devel-linux-x86_64-fedora-clang 0.1 30.13 NOTE
r-devel-linux-x86_64-fedora-gcc 0.1 28.56 NOTE
r-devel-windows-x86_64 0.1 2.00 40.00 42.00 NOTE
r-patched-linux-x86_64 0.1 1.96 21.61 23.57 NOTE
r-release-linux-x86_64 0.1 1.88 21.69 23.57 NOTE
r-release-macos-arm64 0.1 16.00 NOTE
r-release-macos-x86_64 0.1 20.00 NOTE
r-release-windows-x86_64 0.1 3.00 37.00 40.00 NOTE
r-oldrel-macos-arm64 0.1 17.00 NOTE
r-oldrel-macos-x86_64 0.1 22.00 NOTE
r-oldrel-windows-x86_64 0.1 3.00 42.00 45.00 NOTE

Check Details

Version: 0.1
Check: LazyData
Result: NOTE
     'LazyData' is specified without a 'data' directory
Flavors: r-devel-linux-x86_64-debian-clang, r-devel-linux-x86_64-debian-gcc, r-devel-linux-x86_64-fedora-clang, r-devel-linux-x86_64-fedora-gcc, r-devel-windows-x86_64, r-patched-linux-x86_64, r-release-linux-x86_64, r-release-macos-arm64, r-release-macos-x86_64, r-release-windows-x86_64, r-oldrel-macos-arm64, r-oldrel-macos-x86_64, r-oldrel-windows-x86_64