CRAN Package Check Results for Package etrunct

Last updated on 2024-07-17 14:56:16 CEST.

Flavor Version Tinstall Tcheck Ttotal Status Flags
r-devel-linux-x86_64-debian-clang 0.1 1.56 22.65 24.21 NOTE
r-devel-linux-x86_64-debian-gcc 0.1 1.48 17.33 18.81 NOTE
r-devel-linux-x86_64-fedora-clang 0.1 30.90 NOTE
r-devel-linux-x86_64-fedora-gcc 0.1 29.10 NOTE
r-devel-windows-x86_64 0.1 2.00 39.00 41.00 NOTE
r-patched-linux-x86_64 0.1 1.76 21.08 22.84 NOTE
r-release-linux-x86_64 0.1 1.91 21.81 23.72 NOTE
r-release-macos-arm64 0.1 15.00 NOTE
r-release-macos-x86_64 0.1 19.00 NOTE
r-release-windows-x86_64 0.1 2.00 39.00 41.00 NOTE
r-oldrel-macos-arm64 0.1 16.00 NOTE
r-oldrel-macos-x86_64 0.1 20.00 NOTE
r-oldrel-windows-x86_64 0.1 3.00 39.00 42.00 NOTE

Check Details

Version: 0.1
Check: LazyData
Result: NOTE 'LazyData' is specified without a 'data' directory Flavors: r-devel-linux-x86_64-debian-clang, r-devel-linux-x86_64-debian-gcc, r-devel-linux-x86_64-fedora-clang, r-devel-linux-x86_64-fedora-gcc, r-devel-windows-x86_64, r-patched-linux-x86_64, r-release-linux-x86_64, r-release-macos-arm64, r-release-macos-x86_64, r-release-windows-x86_64, r-oldrel-macos-arm64, r-oldrel-macos-x86_64, r-oldrel-windows-x86_64