Last updated on 2023-12-03 14:50:21 CET.
Flavor | Version | Tinstall | Tcheck | Ttotal | Status | Flags |
---|---|---|---|---|---|---|
r-devel-linux-x86_64-debian-clang | 0.3.4 | 2.85 | 127.44 | 130.29 | ERROR | |
r-devel-linux-x86_64-debian-gcc | 0.3.5 | 2.22 | 95.32 | 97.54 | OK | |
r-devel-linux-x86_64-fedora-clang | 0.3.5 | 155.54 | OK | |||
r-devel-linux-x86_64-fedora-gcc | 0.3.5 | 113.83 | OK | |||
r-devel-windows-x86_64 | 0.3.5 | 4.00 | 114.00 | 118.00 | OK | |
r-patched-linux-x86_64 | 0.3.4 | 2.25 | 125.14 | 127.39 | ERROR | |
r-release-linux-x86_64 | 0.3.4 | 2.59 | 122.45 | 125.04 | ERROR | |
r-release-macos-arm64 | 0.3.5 | 71.00 | OK | |||
r-release-macos-x86_64 | 0.3.5 | 162.00 | OK | |||
r-release-windows-x86_64 | 0.3.5 | 8.00 | 142.00 | 150.00 | OK | |
r-oldrel-macos-arm64 | 0.3.5 | 55.00 | OK | |||
r-oldrel-macos-x86_64 | 0.3.4 | 71.00 | OK | |||
r-oldrel-windows-x86_64 | 0.3.5 | 6.00 | 151.00 | 157.00 | OK |
Version: 0.3.4
Check: tests
Result: ERROR
Running ‘tinytest.R’ [55s/59s]
Running the tests in ‘tests/tinytest.R’ failed.
Complete output:
>
> if ( requireNamespace("tinytest", quietly=TRUE) ){
+ tinytest::test_package("etwfe")
+ }
test_baker.R.................. 0 tests
test_baker.R.................. 0 tests
test_baker.R.................. 0 tests
test_baker.R.................. 0 tests
test_baker.R.................. 0 tests
test_baker.R.................. 5 tests <1b>[0;32mOK<1b>[0m <1b>[0;34m10.6s<1b>[0m
test_emfx.R................... 0 tests
test_emfx.R................... 0 tests
test_emfx.R................... 0 tests
test_emfx.R................... 0 tests The variables '.Dtreat:first.treat::2006:year::2004', '.Dtreat:first.treat::2006:year::2005' and eight others have been removed because of collinearity (see $collin.var).
test_emfx.R................... 0 tests
test_emfx.R................... 0 tests
test_emfx.R................... 0 tests
test_emfx.R................... 0 tests
test_emfx.R................... 0 tests
test_emfx.R................... 0 tests
test_emfx.R................... 0 tests
test_emfx.R................... 0 tests
test_emfx.R................... 0 tests
test_emfx.R................... 0 tests
test_emfx.R................... 0 tests
test_emfx.R................... 0 tests
test_emfx.R................... 0 tests
test_emfx.R................... 0 tests
test_emfx.R................... 0 tests
test_emfx.R................... 0 tests
test_emfx.R................... 28 tests <1b>[0;32mOK<1b>[0m <1b>[0;34m15.2s<1b>[0m
test_etwfe.R.................. 0 tests
test_etwfe.R.................. 0 tests
test_etwfe.R.................. 0 tests
test_etwfe.R.................. 0 tests
test_etwfe.R.................. 0 tests
test_etwfe.R.................. 0 tests
test_etwfe.R.................. 0 tests
test_etwfe.R.................. 0 tests
test_etwfe.R.................. 0 tests
test_etwfe.R.................. 1 tests <1b>[0;32mOK<1b>[0m
test_etwfe.R.................. 2 tests <1b>[0;32mOK<1b>[0m
test_etwfe.R.................. 3 tests <1b>[0;32mOK<1b>[0m
test_etwfe.R.................. 3 tests <1b>[0;32mOK<1b>[0m
test_etwfe.R.................. 4 tests <1b>[0;32mOK<1b>[0m
test_etwfe.R.................. 4 tests <1b>[0;32mOK<1b>[0m
test_etwfe.R.................. 5 tests <1b>[0;32mOK<1b>[0m
test_etwfe.R.................. 6 tests <1b>[0;32mOK<1b>[0m The variables '.Dtreat:first.treat::2006:year::2004', '.Dtreat:first.treat::2006:year::2005' and eight others have been removed because of collinearity (see $collin.var).
test_etwfe.R.................. 6 tests <1b>[0;32mOK<1b>[0m
test_etwfe.R.................. 7 tests <1b>[0;31m1 fails<1b>[0m <1b>[0;34m0.4s<1b>[0m
test_xvar.R................... 0 tests
test_xvar.R................... 0 tests
test_xvar.R................... 0 tests
test_xvar.R................... 0 tests
test_xvar.R................... 0 tests
test_xvar.R................... 0 tests
test_xvar.R................... 0 tests
test_xvar.R................... 13 tests <1b>[0;32mOK<1b>[0m
test_xvar.R................... 13 tests <1b>[0;32mOK<1b>[0m
test_xvar.R................... 13 tests <1b>[0;32mOK<1b>[0m
test_xvar.R................... 13 tests <1b>[0;32mOK<1b>[0m
test_xvar.R................... 13 tests <1b>[0;32mOK<1b>[0m
test_xvar.R................... 13 tests <1b>[0;32mOK<1b>[0m
test_xvar.R................... 13 tests <1b>[0;32mOK<1b>[0m
test_xvar.R................... 13 tests <1b>[0;32mOK<1b>[0m
test_xvar.R................... 13 tests <1b>[0;32mOK<1b>[0m
test_xvar.R................... 13 tests <1b>[0;32mOK<1b>[0m
test_xvar.R................... 13 tests <1b>[0;32mOK<1b>[0m
test_xvar.R................... 13 tests <1b>[0;32mOK<1b>[0m
test_xvar.R................... 13 tests <1b>[0;32mOK<1b>[0m
test_xvar.R................... 21 tests <1b>[0;32mOK<1b>[0m <1b>[0;34m32.0s<1b>[0m
----- FAILED[attr]: test_etwfe.R<153--153>
call| expect_equal(fixest::coeftable(m3p), m3p_known)
diff| Attributes: < Component "dimnames": Component 2: 2 string mismatches >
Error: 1 out of 61 tests failed
Execution halted
Flavor: r-devel-linux-x86_64-debian-clang
Version: 0.3.4
Check: tests
Result: ERROR
Running ‘tinytest.R’ [54s/65s]
Running the tests in ‘tests/tinytest.R’ failed.
Complete output:
>
> if ( requireNamespace("tinytest", quietly=TRUE) ){
+ tinytest::test_package("etwfe")
+ }
test_baker.R.................. 0 tests
test_baker.R.................. 0 tests
test_baker.R.................. 0 tests
test_baker.R.................. 0 tests
test_baker.R.................. 0 tests
test_baker.R.................. 5 tests <1b>[0;32mOK<1b>[0m <1b>[0;34m10.4s<1b>[0m
test_emfx.R................... 0 tests
test_emfx.R................... 0 tests
test_emfx.R................... 0 tests
test_emfx.R................... 0 tests The variables '.Dtreat:first.treat::2006:year::2004', '.Dtreat:first.treat::2006:year::2005' and eight others have been removed because of collinearity (see $collin.var).
test_emfx.R................... 0 tests
test_emfx.R................... 0 tests
test_emfx.R................... 0 tests
test_emfx.R................... 0 tests
test_emfx.R................... 0 tests
test_emfx.R................... 0 tests
test_emfx.R................... 0 tests
test_emfx.R................... 0 tests
test_emfx.R................... 0 tests
test_emfx.R................... 0 tests
test_emfx.R................... 0 tests
test_emfx.R................... 0 tests
test_emfx.R................... 0 tests
test_emfx.R................... 0 tests
test_emfx.R................... 0 tests
test_emfx.R................... 0 tests
test_emfx.R................... 28 tests <1b>[0;32mOK<1b>[0m <1b>[0;34m17.2s<1b>[0m
test_etwfe.R.................. 0 tests
test_etwfe.R.................. 0 tests
test_etwfe.R.................. 0 tests
test_etwfe.R.................. 0 tests
test_etwfe.R.................. 0 tests
test_etwfe.R.................. 0 tests
test_etwfe.R.................. 0 tests
test_etwfe.R.................. 0 tests
test_etwfe.R.................. 0 tests
test_etwfe.R.................. 1 tests <1b>[0;32mOK<1b>[0m
test_etwfe.R.................. 2 tests <1b>[0;32mOK<1b>[0m
test_etwfe.R.................. 3 tests <1b>[0;32mOK<1b>[0m
test_etwfe.R.................. 3 tests <1b>[0;32mOK<1b>[0m
test_etwfe.R.................. 4 tests <1b>[0;32mOK<1b>[0m
test_etwfe.R.................. 4 tests <1b>[0;32mOK<1b>[0m
test_etwfe.R.................. 5 tests <1b>[0;32mOK<1b>[0m
test_etwfe.R.................. 6 tests <1b>[0;32mOK<1b>[0m The variables '.Dtreat:first.treat::2006:year::2004', '.Dtreat:first.treat::2006:year::2005' and eight others have been removed because of collinearity (see $collin.var).
test_etwfe.R.................. 6 tests <1b>[0;32mOK<1b>[0m
test_etwfe.R.................. 7 tests <1b>[0;31m1 fails<1b>[0m <1b>[0;34m0.5s<1b>[0m
test_xvar.R................... 0 tests
test_xvar.R................... 0 tests
test_xvar.R................... 0 tests
test_xvar.R................... 0 tests
test_xvar.R................... 0 tests
test_xvar.R................... 0 tests
test_xvar.R................... 0 tests
test_xvar.R................... 13 tests <1b>[0;32mOK<1b>[0m
test_xvar.R................... 13 tests <1b>[0;32mOK<1b>[0m
test_xvar.R................... 13 tests <1b>[0;32mOK<1b>[0m
test_xvar.R................... 13 tests <1b>[0;32mOK<1b>[0m
test_xvar.R................... 13 tests <1b>[0;32mOK<1b>[0m
test_xvar.R................... 13 tests <1b>[0;32mOK<1b>[0m
test_xvar.R................... 13 tests <1b>[0;32mOK<1b>[0m
test_xvar.R................... 13 tests <1b>[0;32mOK<1b>[0m
test_xvar.R................... 13 tests <1b>[0;32mOK<1b>[0m
test_xvar.R................... 13 tests <1b>[0;32mOK<1b>[0m
test_xvar.R................... 13 tests <1b>[0;32mOK<1b>[0m
test_xvar.R................... 13 tests <1b>[0;32mOK<1b>[0m
test_xvar.R................... 13 tests <1b>[0;32mOK<1b>[0m
test_xvar.R................... 21 tests <1b>[0;32mOK<1b>[0m <1b>[0;34m35.7s<1b>[0m
----- FAILED[attr]: test_etwfe.R<153--153>
call| expect_equal(fixest::coeftable(m3p), m3p_known)
diff| Attributes: < Component "dimnames": Component 2: 2 string mismatches >
Error: 1 out of 61 tests failed
Execution halted
Flavor: r-patched-linux-x86_64
Version: 0.3.4
Check: tests
Result: ERROR
Running ‘tinytest.R’ [52s/65s]
Running the tests in ‘tests/tinytest.R’ failed.
Complete output:
>
> if ( requireNamespace("tinytest", quietly=TRUE) ){
+ tinytest::test_package("etwfe")
+ }
test_baker.R.................. 0 tests
test_baker.R.................. 0 tests
test_baker.R.................. 0 tests
test_baker.R.................. 0 tests
test_baker.R.................. 0 tests
test_baker.R.................. 5 tests <1b>[0;32mOK<1b>[0m <1b>[0;34m11.7s<1b>[0m
test_emfx.R................... 0 tests
test_emfx.R................... 0 tests
test_emfx.R................... 0 tests
test_emfx.R................... 0 tests The variables '.Dtreat:first.treat::2006:year::2004', '.Dtreat:first.treat::2006:year::2005' and eight others have been removed because of collinearity (see $collin.var).
test_emfx.R................... 0 tests
test_emfx.R................... 0 tests
test_emfx.R................... 0 tests
test_emfx.R................... 0 tests
test_emfx.R................... 0 tests
test_emfx.R................... 0 tests
test_emfx.R................... 0 tests
test_emfx.R................... 0 tests
test_emfx.R................... 0 tests
test_emfx.R................... 0 tests
test_emfx.R................... 0 tests
test_emfx.R................... 0 tests
test_emfx.R................... 0 tests
test_emfx.R................... 0 tests
test_emfx.R................... 0 tests
test_emfx.R................... 0 tests
test_emfx.R................... 28 tests <1b>[0;32mOK<1b>[0m <1b>[0;34m16.5s<1b>[0m
test_etwfe.R.................. 0 tests
test_etwfe.R.................. 0 tests
test_etwfe.R.................. 0 tests
test_etwfe.R.................. 0 tests
test_etwfe.R.................. 0 tests
test_etwfe.R.................. 0 tests
test_etwfe.R.................. 0 tests
test_etwfe.R.................. 0 tests
test_etwfe.R.................. 0 tests
test_etwfe.R.................. 1 tests <1b>[0;32mOK<1b>[0m
test_etwfe.R.................. 2 tests <1b>[0;32mOK<1b>[0m
test_etwfe.R.................. 3 tests <1b>[0;32mOK<1b>[0m
test_etwfe.R.................. 3 tests <1b>[0;32mOK<1b>[0m
test_etwfe.R.................. 4 tests <1b>[0;32mOK<1b>[0m
test_etwfe.R.................. 4 tests <1b>[0;32mOK<1b>[0m
test_etwfe.R.................. 5 tests <1b>[0;32mOK<1b>[0m
test_etwfe.R.................. 6 tests <1b>[0;32mOK<1b>[0m The variables '.Dtreat:first.treat::2006:year::2004', '.Dtreat:first.treat::2006:year::2005' and eight others have been removed because of collinearity (see $collin.var).
test_etwfe.R.................. 6 tests <1b>[0;32mOK<1b>[0m
test_etwfe.R.................. 7 tests <1b>[0;31m1 fails<1b>[0m <1b>[0;34m0.7s<1b>[0m
test_xvar.R................... 0 tests
test_xvar.R................... 0 tests
test_xvar.R................... 0 tests
test_xvar.R................... 0 tests
test_xvar.R................... 0 tests
test_xvar.R................... 0 tests
test_xvar.R................... 0 tests
test_xvar.R................... 13 tests <1b>[0;32mOK<1b>[0m
test_xvar.R................... 13 tests <1b>[0;32mOK<1b>[0m
test_xvar.R................... 13 tests <1b>[0;32mOK<1b>[0m
test_xvar.R................... 13 tests <1b>[0;32mOK<1b>[0m
test_xvar.R................... 13 tests <1b>[0;32mOK<1b>[0m
test_xvar.R................... 13 tests <1b>[0;32mOK<1b>[0m
test_xvar.R................... 13 tests <1b>[0;32mOK<1b>[0m
test_xvar.R................... 13 tests <1b>[0;32mOK<1b>[0m
test_xvar.R................... 13 tests <1b>[0;32mOK<1b>[0m
test_xvar.R................... 13 tests <1b>[0;32mOK<1b>[0m
test_xvar.R................... 13 tests <1b>[0;32mOK<1b>[0m
test_xvar.R................... 13 tests <1b>[0;32mOK<1b>[0m
test_xvar.R................... 13 tests <1b>[0;32mOK<1b>[0m
test_xvar.R................... 21 tests <1b>[0;32mOK<1b>[0m <1b>[0;34m35.1s<1b>[0m
----- FAILED[attr]: test_etwfe.R<153--153>
call| expect_equal(fixest::coeftable(m3p), m3p_known)
diff| Attributes: < Component "dimnames": Component 2: 2 string mismatches >
Error: 1 out of 61 tests failed
Execution halted
Flavor: r-release-linux-x86_64