CRAN Package Check Results for Package eudract

Last updated on 2020-04-07 16:47:56 CEST.

Flavor Version Tinstall Tcheck Ttotal Status Flags
r-devel-linux-x86_64-debian-clang 0.9.1 4.50 62.98 67.48 ERROR
r-devel-linux-x86_64-debian-gcc 0.9.2 3.91 49.03 52.94 OK
r-devel-linux-x86_64-fedora-clang 0.9.2 88.42 OK
r-devel-linux-x86_64-fedora-gcc 0.9.2 41.31 OK
r-devel-windows-ix86+x86_64 0.9.1 22.00 143.00 165.00 ERROR
r-devel-windows-ix86+x86_64-gcc8 0.9.1 11.00 65.00 76.00 ERROR
r-patched-linux-x86_64 0.9.1 4.77 60.55 65.32 ERROR
r-patched-solaris-x86 0.9.2 113.50 OK
r-release-linux-x86_64 0.9.2 4.08 56.09 60.17 OK
r-release-windows-ix86+x86_64 0.9.1 10.00 85.00 95.00 OK
r-release-osx-x86_64 0.9.1 OK
r-oldrel-windows-ix86+x86_64 0.9.2 8.00 105.00 113.00 OK
r-oldrel-osx-x86_64 0.9.1 OK

Check Details

Version: 0.9.1
Check: tests
Result: ERROR
     Running 'testthat.R' [16s/19s]
    Running the tests in 'tests/testthat.R' failed.
    Complete output:
     > library(testthat)
     > library(eudract)
     >
     > test_check("eudract")
     -- 1. Error: (unknown) (@test_bea.R#37) ---------------------------------------
     invalid value for 'stringsAsFactors'
     Backtrace:
     1. base::options(stringsAsFactors = old)
    
     == testthat results ===========================================================
     [ OK: 53 | SKIPPED: 0 | WARNINGS: 2 | FAILED: 1 ]
     1. Error: (unknown) (@test_bea.R#37)
    
     Error: testthat unit tests failed
     Execution halted
Flavor: r-devel-linux-x86_64-debian-clang

Version: 0.9.1
Check: tests
Result: ERROR
     Running 'testthat.R' [20s]
    Running the tests in 'tests/testthat.R' failed.
    Complete output:
     > library(testthat)
     > library(eudract)
     >
     > test_check("eudract")
     -- 1. Error: (unknown) (@test_bea.R#37) ---------------------------------------
     invalid value for 'stringsAsFactors'
     Backtrace:
     1. base::options(stringsAsFactors = old)
    
     == testthat results ===========================================================
     [ OK: 53 | SKIPPED: 0 | WARNINGS: 2 | FAILED: 1 ]
     1. Error: (unknown) (@test_bea.R#37)
    
     Error: testthat unit tests failed
     Execution halted
Flavor: r-devel-windows-ix86+x86_64

Version: 0.9.1
Check: tests
Result: ERROR
     Running 'testthat.R' [10s]
    Running the tests in 'tests/testthat.R' failed.
    Complete output:
     > library(testthat)
     > library(eudract)
     >
     > test_check("eudract")
     -- 1. Error: (unknown) (@test_bea.R#37) ---------------------------------------
     invalid value for 'stringsAsFactors'
     Backtrace:
     1. base::options(stringsAsFactors = old)
    
     == testthat results ===========================================================
     [ OK: 53 | SKIPPED: 0 | WARNINGS: 2 | FAILED: 1 ]
     1. Error: (unknown) (@test_bea.R#37)
    
     Error: testthat unit tests failed
     Execution halted
Flavor: r-devel-windows-ix86+x86_64-gcc8

Version: 0.9.1
Check: tests
Result: ERROR
     Running ‘testthat.R’ [15s/16s]
    Running the tests in ‘tests/testthat.R’ failed.
    Complete output:
     > library(testthat)
     > library(eudract)
     >
     > test_check("eudract")
     ── 1. Error: (unknown) (@test_bea.R#37) ───────────────────────────────────────
     invalid value for 'stringsAsFactors'
     Backtrace:
     1. base::options(stringsAsFactors = old)
    
     ══ testthat results ═══════════════════════════════════════════════════════════
     [ OK: 53 | SKIPPED: 0 | WARNINGS: 2 | FAILED: 1 ]
     1. Error: (unknown) (@test_bea.R#37)
    
     Error: testthat unit tests failed
     Execution halted
Flavor: r-patched-linux-x86_64