CRAN Package Check Results for Package eulerr

Last updated on 2022-09-26 02:50:37 CEST.

Flavor Version Tinstall Tcheck Ttotal Status Flags
r-devel-linux-x86_64-debian-clang 6.1.1 69.31 79.63 148.94 OK
r-devel-linux-x86_64-debian-gcc 6.1.1 60.19 59.71 119.90 OK
r-devel-linux-x86_64-fedora-clang 6.1.1 213.64 OK
r-devel-linux-x86_64-fedora-gcc 6.1.1 214.85 OK
r-devel-windows-x86_64 6.1.1 82.00 146.00 228.00 OK
r-patched-linux-x86_64 6.1.1 65.19 74.18 139.37 OK
r-release-linux-x86_64 6.1.1 62.45 73.14 135.59 OK
r-release-macos-arm64 6.1.1 58.00 NOTE
r-release-macos-x86_64 6.1.1 76.00 NOTE
r-release-windows-x86_64 6.1.1 97.00 140.00 237.00 OK
r-oldrel-macos-arm64 6.1.1 80.00 NOTE
r-oldrel-macos-x86_64 6.1.1 70.00 NOTE
r-oldrel-windows-ix86+x86_64 6.1.1 177.00 145.00 322.00 OK

Check Details

Version: 6.1.1
Check: installed package size
Result: NOTE
     installed size is 5.2Mb
     sub-directories of 1Mb or more:
     doc 1.1Mb
     libs 3.3Mb
Flavors: r-release-macos-arm64, r-release-macos-x86_64, r-oldrel-macos-arm64, r-oldrel-macos-x86_64