Last updated on 2023-03-29 02:55:25 CEST.
Flavor | Version | Tinstall | Tcheck | Ttotal | Status | Flags |
---|---|---|---|---|---|---|
r-devel-linux-x86_64-debian-clang | 7.0.0 | 136.31 | 95.88 | 232.19 | NOTE | |
r-devel-linux-x86_64-debian-gcc | 7.0.0 | 113.17 | 71.90 | 185.07 | NOTE | |
r-devel-linux-x86_64-fedora-clang | 7.0.0 | 370.99 | NOTE | |||
r-devel-linux-x86_64-fedora-gcc | 7.0.0 | 314.54 | NOTE | |||
r-devel-windows-x86_64 | 7.0.0 | 157.00 | 161.00 | 318.00 | NOTE | |
r-patched-linux-x86_64 | 7.0.0 | 125.21 | 92.71 | 217.92 | NOTE | |
r-release-linux-x86_64 | 7.0.0 | 118.23 | 92.73 | 210.96 | OK | |
r-release-macos-arm64 | 7.0.0 | 95.00 | NOTE | |||
r-release-macos-x86_64 | 7.0.0 | 103.00 | NOTE | |||
r-release-windows-x86_64 | 7.0.0 | 246.00 | 156.00 | 402.00 | OK | |
r-oldrel-macos-arm64 | 7.0.0 | 88.00 | NOTE | |||
r-oldrel-macos-x86_64 | 7.0.0 | 111.00 | NOTE | |||
r-oldrel-windows-ix86+x86_64 | 7.0.0 | 364.00 | 182.00 | 546.00 | OK |
Version: 7.0.0
Check: C++ specification
Result: NOTE
Specified C++14: please drop specification unless essential
Flavors: r-devel-linux-x86_64-debian-clang, r-devel-linux-x86_64-debian-gcc, r-devel-linux-x86_64-fedora-clang, r-devel-linux-x86_64-fedora-gcc, r-devel-windows-x86_64, r-patched-linux-x86_64
Version: 7.0.0
Check: installed package size
Result: NOTE
installed size is 6.1Mb
sub-directories of 1Mb or more:
doc 1.3Mb
libs 3.9Mb
Flavors: r-release-macos-arm64, r-release-macos-x86_64, r-oldrel-macos-arm64, r-oldrel-macos-x86_64