CRAN Package Check Results for Package eulerr

Last updated on 2020-08-05 10:05:57 CEST.

Flavor Version Tinstall Tcheck Ttotal Status Flags
r-devel-linux-x86_64-debian-clang 6.1.0 79.79 72.40 152.19 OK
r-devel-linux-x86_64-debian-gcc 6.1.0 54.54 55.03 109.57 OK
r-devel-linux-x86_64-fedora-clang 6.1.0 195.34 NOTE
r-devel-linux-x86_64-fedora-gcc 6.1.0 179.00 OK
r-devel-windows-ix86+x86_64 6.1.0 197.00 131.00 328.00 OK
r-patched-linux-x86_64 6.1.0 54.93 70.60 125.53 OK
r-patched-solaris-x86 6.1.0 189.30 OK
r-release-linux-x86_64 6.1.0 60.00 70.85 130.85 OK
r-release-macos-x86_64 6.1.0 NOTE
r-release-windows-ix86+x86_64 6.1.0 173.00 165.00 338.00 OK
r-oldrel-macos-x86_64 6.1.0 OK
r-oldrel-windows-ix86+x86_64 6.1.0 109.00 116.00 225.00 OK

Check Details

Version: 6.1.0
Check: installed package size
Result: NOTE
     installed size is 5.0Mb
     sub-directories of 1Mb or more:
     doc 1.1Mb
     libs 3.1Mb
Flavors: r-devel-linux-x86_64-fedora-clang, r-release-macos-x86_64