CRAN Package Check Results for Package eulerr

Last updated on 2021-12-08 07:50:50 CET.

Flavor Version Tinstall Tcheck Ttotal Status Flags
r-devel-linux-x86_64-debian-clang 6.1.1 72.92 79.39 152.31 OK
r-devel-linux-x86_64-debian-gcc 6.1.1 49.45 60.60 110.05 OK
r-devel-linux-x86_64-fedora-clang 6.1.1 209.41 OK
r-devel-linux-x86_64-fedora-gcc 6.1.1 180.37 OK
r-devel-windows-x86_64-new-UL 6.1.1 93.00 154.00 247.00 OK
r-devel-windows-x86_64-new-TK 6.1.1 OK
r-devel-windows-x86_64-old 6.1.1 91.00 116.00 207.00 OK
r-patched-linux-x86_64 6.1.1 59.94 78.60 138.54 OK
r-release-linux-x86_64 6.1.1 62.27 79.45 141.72 OK
r-release-macos-arm64 6.1.1 NOTE
r-release-macos-x86_64 6.1.1 NOTE
r-release-windows-ix86+x86_64 6.1.1 128.00 137.00 265.00 OK
r-oldrel-macos-x86_64 6.1.1 NOTE
r-oldrel-windows-ix86+x86_64 6.1.1 174.00 139.00 313.00 OK

Check Details

Version: 6.1.1
Check: installed package size
Result: NOTE
     installed size is 5.7Mb
     sub-directories of 1Mb or more:
     doc 1.1Mb
     libs 3.7Mb
Flavors: r-release-macos-arm64, r-release-macos-x86_64, r-oldrel-macos-x86_64