CRAN Package Check Results for Package eulerr

Last updated on 2018-12-17 01:46:28 CET.

Flavor Version Tinstall Tcheck Ttotal Status Flags
r-devel-linux-x86_64-debian-clang 5.0.0 47.45 4.11 51.56 ERROR
r-devel-linux-x86_64-debian-gcc 5.0.0 42.79 2.83 45.62 ERROR
r-devel-linux-x86_64-fedora-clang 5.0.0 141.95 OK
r-devel-linux-x86_64-fedora-gcc 5.0.0 132.03 OK
r-devel-windows-ix86+x86_64 5.0.0 138.00 126.00 264.00 OK
r-patched-linux-x86_64 5.0.0 53.36 50.80 104.16 OK
r-patched-solaris-x86 5.0.0 142.20 OK
r-release-linux-x86_64 5.0.0 51.21 51.05 102.26 OK
r-release-windows-ix86+x86_64 5.0.0 104.00 122.00 226.00 OK
r-release-osx-x86_64 5.0.0 OK
r-oldrel-windows-ix86+x86_64 5.0.0 128.00 142.00 270.00 OK
r-oldrel-osx-x86_64 5.0.0 OK

Check Details

Version: 5.0.0
Check: whether the package can be loaded
Result: ERROR
    Loading this package had a fatal error status code 1
    Loading log:
    Error: package or namespace load failed for ‘eulerr’ in dyn.load(file, DLLpath = DLLpath, ...):
     unable to load shared object ‘/home/hornik/tmp/R.check/r-devel-clang/Work/build/Packages/Rcpp/libs/Rcpp.so’:
     /home/hornik/tmp/R.check/r-devel-clang/Work/build/Packages/Rcpp/libs/Rcpp.so: failed to map segment from shared object
    Execution halted
Flavor: r-devel-linux-x86_64-debian-clang

Version: 5.0.0
Check: whether the package can be loaded
Result: ERROR
    Loading this package had a fatal error status code 1
    Loading log:
    Error: package or namespace load failed for ‘eulerr’ in dyn.load(file, DLLpath = DLLpath, ...):
     unable to load shared object ‘/home/hornik/tmp/R.check/r-devel-gcc/Work/build/Packages/Rcpp/libs/Rcpp.so’:
     /home/hornik/tmp/R.check/r-devel-gcc/Work/build/Packages/Rcpp/libs/Rcpp.so: failed to map segment from shared object
    Execution halted
Flavor: r-devel-linux-x86_64-debian-gcc