CRAN Package Check Results for Package eurlex

Last updated on 2021-04-17 00:48:08 CEST.

Flavor Version Tinstall Tcheck Ttotal Status Flags
r-devel-linux-x86_64-debian-clang 0.3.5 2.59 38.27 40.86 NOTE
r-devel-linux-x86_64-debian-gcc 0.3.5 2.23 29.32 31.55 NOTE
r-devel-linux-x86_64-fedora-clang 0.3.5 60.47 NOTE
r-devel-linux-x86_64-fedora-gcc 0.3.5 48.68 NOTE
r-devel-windows-ix86+x86_64 0.3.5 6.00 63.00 69.00 NOTE
r-devel-windows-x86_64-gcc10-UCRT 0.3.5 NOTE
r-patched-linux-x86_64 0.3.5 2.54 36.27 38.81 OK
r-patched-solaris-x86 0.3.5 72.70 OK
r-release-linux-x86_64 0.3.5 2.70 36.39 39.09 OK
r-release-macos-x86_64 0.3.5 OK
r-release-windows-ix86+x86_64 0.3.5 15.00 66.00 81.00 OK
r-oldrel-macos-x86_64 0.3.5 OK
r-oldrel-windows-ix86+x86_64 0.3.5 4.00 91.00 95.00 OK

Check Details

Version: 0.3.5
Check: LazyData
Result: NOTE
     'LazyData' is specified without a 'data' directory
Flavors: r-devel-linux-x86_64-debian-clang, r-devel-linux-x86_64-debian-gcc, r-devel-linux-x86_64-fedora-clang, r-devel-linux-x86_64-fedora-gcc, r-devel-windows-ix86+x86_64, r-devel-windows-x86_64-gcc10-UCRT