CRAN Package Check Results for Package eurostat

Last updated on 2021-09-18 16:50:50 CEST.

Flavor Version Tinstall Tcheck Ttotal Status Flags
r-devel-linux-x86_64-debian-clang 3.7.5 11.36 93.01 104.37 OK
r-devel-linux-x86_64-debian-gcc 3.7.5 7.77 71.07 78.84 OK
r-devel-linux-x86_64-fedora-clang 3.7.5 136.00 NOTE
r-devel-linux-x86_64-fedora-gcc 3.7.5 122.09 NOTE
r-devel-windows-x86_64 3.7.5 12.00 113.00 125.00 OK
r-devel-windows-x86_64-gcc10-UCRT 3.7.5 NOTE
r-patched-linux-x86_64 3.7.5 11.74 88.62 100.36 OK
r-patched-solaris-x86 3.7.5 195.30 NOTE
r-release-linux-x86_64 3.7.5 11.19 89.83 101.02 OK
r-release-macos-arm64 3.7.5 NOTE
r-release-macos-x86_64 3.7.5 NOTE
r-release-windows-ix86+x86_64 3.7.5 23.00 81.00 104.00 OK
r-oldrel-macos-x86_64 3.7.5 NOTE
r-oldrel-windows-ix86+x86_64 3.7.5 24.00 127.00 151.00 OK

Check Details

Version: 3.7.5
Check: dependencies in R code
Result: NOTE
    Namespace in Imports field not imported from: ‘RColorBrewer’
     All declared Imports should be used.
Flavors: r-devel-linux-x86_64-fedora-clang, r-devel-linux-x86_64-fedora-gcc, r-devel-windows-x86_64-gcc10-UCRT, r-patched-solaris-x86, r-release-macos-arm64, r-release-macos-x86_64, r-oldrel-macos-x86_64

Version: 3.7.5
Check: data for non-ASCII characters
Result: NOTE
     Note: found 1182 marked UTF-8 strings
Flavors: r-devel-linux-x86_64-fedora-clang, r-devel-linux-x86_64-fedora-gcc, r-devel-windows-x86_64-gcc10-UCRT, r-patched-solaris-x86, r-release-macos-arm64, r-release-macos-x86_64, r-oldrel-macos-x86_64