CRAN Package Check Results for Package ev.trawl

Last updated on 2019-01-23 16:49:23 CET.

Flavor Version Tinstall Tcheck Ttotal Status Flags
r-devel-linux-x86_64-debian-clang 0.1.0 4.18 90.80 94.98 OK
r-devel-linux-x86_64-debian-gcc 0.1.0 3.68 65.68 69.36 OK
r-devel-linux-x86_64-fedora-clang 0.1.0 117.95 NOTE
r-devel-linux-x86_64-fedora-gcc 0.1.0 106.14 NOTE
r-devel-windows-ix86+x86_64 0.1.0 10.00 134.00 144.00 OK
r-patched-linux-x86_64 0.1.0 4.00 84.58 88.58 OK
r-patched-solaris-x86 0.1.0 138.50 NOTE
r-release-linux-x86_64 0.1.0 2.93 84.47 87.40 OK
r-release-windows-ix86+x86_64 0.1.0 5.00 126.00 131.00 OK
r-release-osx-x86_64 0.1.0 NOTE
r-oldrel-windows-ix86+x86_64 0.1.0 6.00 126.00 132.00 OK
r-oldrel-osx-x86_64 0.1.0 NOTE

Check Details

Version: 0.1.0
Check: dependencies in R code
Result: NOTE
    Namespaces in Imports field not imported from:
     ‘eva’ ‘evir’ ‘testthat’
     All declared Imports should be used.
Flavors: r-devel-linux-x86_64-fedora-clang, r-devel-linux-x86_64-fedora-gcc, r-patched-solaris-x86, r-release-osx-x86_64, r-oldrel-osx-x86_64