CRAN Package Check Results for Package ev.trawl

Last updated on 2019-07-22 13:46:55 CEST.

Flavor Version Tinstall Tcheck Ttotal Status Flags
r-devel-linux-x86_64-debian-clang 0.1.0 4.41 86.59 91.00 OK
r-devel-linux-x86_64-debian-gcc 0.1.0 4.14 66.00 70.14 OK
r-devel-linux-x86_64-fedora-clang 0.1.0 107.82 NOTE
r-devel-linux-x86_64-fedora-gcc 0.1.0 104.80 NOTE
r-devel-windows-ix86+x86_64 0.1.0 9.00 134.00 143.00 OK
r-patched-linux-x86_64 0.1.0 5.17 89.01 94.18 OK
r-patched-solaris-x86 0.1.0 142.50 NOTE
r-release-linux-x86_64 0.1.0 4.77 88.59 93.36 OK
r-release-windows-ix86+x86_64 0.1.0 10.00 98.00 108.00 OK
r-release-osx-x86_64 0.1.0 NOTE
r-oldrel-windows-ix86+x86_64 0.1.0 10.00 94.00 104.00 OK
r-oldrel-osx-x86_64 0.1.0 NOTE

Check Details

Version: 0.1.0
Check: dependencies in R code
Result: NOTE
    Namespaces in Imports field not imported from:
     ‘eva’ ‘evir’ ‘testthat’
     All declared Imports should be used.
Flavors: r-devel-linux-x86_64-fedora-clang, r-devel-linux-x86_64-fedora-gcc, r-patched-solaris-x86, r-release-osx-x86_64, r-oldrel-osx-x86_64