CRAN Package Check Results for Package eva

Last updated on 2021-06-17 10:52:53 CEST.

Flavor Version Tinstall Tcheck Ttotal Status Flags
r-devel-linux-x86_64-debian-clang 0.2.6 12.81 106.18 118.99 OK
r-devel-linux-x86_64-debian-gcc 0.2.6 9.70 79.33 89.03 OK
r-devel-linux-x86_64-fedora-clang 0.2.6 148.89 NOTE
r-devel-linux-x86_64-fedora-gcc 0.2.6 137.89 NOTE
r-devel-windows-x86_64 0.2.6 19.00 97.00 116.00 OK
r-devel-windows-x86_64-gcc10-UCRT 0.2.6 NOTE
r-patched-linux-x86_64 0.2.6 13.26 103.59 116.85 OK
r-patched-solaris-x86 0.2.6 188.30 NOTE
r-release-linux-x86_64 0.2.6 11.62 102.19 113.81 OK
r-release-macos-arm64 0.2.6 NOTE
r-release-macos-x86_64 0.2.6 NOTE
r-release-windows-ix86+x86_64 0.2.6 24.00 126.00 150.00 OK
r-oldrel-macos-x86_64 0.2.6 NOTE
r-oldrel-windows-ix86+x86_64 0.2.6 19.00 122.00 141.00 OK

Check Details

Version: 0.2.6
Check: dependencies in R code
Result: NOTE
    Namespace in Imports field not imported from: ‘EnvStats’
     All declared Imports should be used.
Flavors: r-devel-linux-x86_64-fedora-clang, r-devel-linux-x86_64-fedora-gcc, r-devel-windows-x86_64-gcc10-UCRT, r-patched-solaris-x86, r-release-macos-arm64, r-release-macos-x86_64, r-oldrel-macos-x86_64