CRAN Package Check Results for Package evalITR

Last updated on 2024-02-23 12:51:43 CET.

Flavor Version Tinstall Tcheck Ttotal Status Flags
r-devel-linux-x86_64-debian-clang 1.0.0 OK
r-devel-linux-x86_64-debian-gcc 1.0.0 14.38 325.95 340.33 OK
r-devel-linux-x86_64-fedora-clang 1.0.0 497.37 NOTE
r-devel-linux-x86_64-fedora-gcc 1.0.0 536.47 NOTE
r-devel-windows-x86_64 1.0.0 15.00 263.00 278.00 OK
r-patched-linux-x86_64 1.0.0 12.08 411.01 423.09 OK
r-release-linux-x86_64 1.0.0 11.27 407.39 418.66 OK
r-release-macos-arm64 1.0.0 172.00 OK
r-release-macos-x86_64 1.0.0 351.00 OK
r-release-windows-x86_64 1.0.0 21.00 321.00 342.00 OK
r-oldrel-macos-arm64 1.0.0 149.00 OK
r-oldrel-windows-x86_64 1.0.0 22.00 333.00 355.00 OK

Check Details

Version: 1.0.0
Check: dependencies in R code
Result: NOTE Namespaces in Imports field not imported from: ‘forcats’ ‘rqPen’ ‘utils’ All declared Imports should be used. Flavors: r-devel-linux-x86_64-fedora-clang, r-devel-linux-x86_64-fedora-gcc