CRAN Package Check Results for Package event

Last updated on 2024-04-18 03:51:54 CEST.

Flavor Version Tinstall Tcheck Ttotal Status Flags
r-devel-linux-x86_64-debian-clang 1.1.1 6.36 46.61 52.97 NOTE
r-devel-linux-x86_64-debian-gcc 1.1.1 6.37 34.13 40.50 NOTE
r-devel-linux-x86_64-fedora-clang 1.1.1 67.42 NOTE
r-devel-linux-x86_64-fedora-gcc 1.1.1 64.24 NOTE
r-prerel-macos-arm64 1.1.1 22.00 NOTE
r-prerel-windows-x86_64 1.1.1 9.00 66.00 75.00 NOTE
r-patched-linux-x86_64 1.1.1 9.56 44.09 53.65 NOTE
r-release-linux-x86_64 1.1.1 6.17 43.57 49.74 NOTE
r-release-macos-arm64 1.1.1 23.00 NOTE
r-release-macos-x86_64 1.1.1 37.00 NOTE
r-release-windows-x86_64 1.1.1 11.00 73.00 84.00 NOTE
r-oldrel-macos-arm64 1.1.1 24.00 NOTE
r-oldrel-windows-x86_64 1.1.1 25.00 87.00 112.00 NOTE

Check Details

Version: 1.1.1
Check: package subdirectories
Result: NOTE Problems with news in ‘NEWS.md’: No news entries found. Flavors: r-devel-linux-x86_64-debian-clang, r-devel-linux-x86_64-debian-gcc, r-devel-linux-x86_64-fedora-clang, r-devel-linux-x86_64-fedora-gcc, r-prerel-macos-arm64, r-prerel-windows-x86_64, r-patched-linux-x86_64, r-release-linux-x86_64, r-release-macos-arm64, r-release-macos-x86_64, r-release-windows-x86_64

Version: 1.1.1
Check: LazyData
Result: NOTE 'LazyData' is specified without a 'data' directory Flavors: r-devel-linux-x86_64-debian-clang, r-devel-linux-x86_64-debian-gcc, r-devel-linux-x86_64-fedora-clang, r-devel-linux-x86_64-fedora-gcc, r-prerel-macos-arm64, r-prerel-windows-x86_64, r-patched-linux-x86_64, r-release-linux-x86_64, r-release-macos-arm64, r-release-macos-x86_64, r-release-windows-x86_64, r-oldrel-macos-arm64, r-oldrel-windows-x86_64