CRAN Package Check Results for Package eventr

Last updated on 2022-11-27 07:56:01 CET.

Flavor Version Tinstall Tcheck Ttotal Status Flags
r-devel-linux-x86_64-debian-clang 1.0.0 5.57 48.91 54.48 NOTE
r-devel-linux-x86_64-debian-gcc 1.0.0 4.27 36.76 41.03 NOTE
r-devel-linux-x86_64-fedora-clang 1.0.0 75.80 NOTE
r-devel-linux-x86_64-fedora-gcc 1.0.0 76.65 NOTE
r-devel-windows-x86_64 1.0.0 24.00 79.00 103.00 NOTE
r-patched-linux-x86_64 1.0.0 5.18 44.43 49.61 NOTE
r-release-linux-x86_64 1.0.0 4.73 46.83 51.56 NOTE
r-release-macos-arm64 1.0.0 22.00 NOTE
r-release-macos-x86_64 1.0.0 39.00 NOTE
r-release-windows-x86_64 1.0.0 25.00 77.00 102.00 NOTE
r-oldrel-macos-arm64 1.0.0 25.00 NOTE
r-oldrel-macos-x86_64 1.0.0 35.00 NOTE
r-oldrel-windows-ix86+x86_64 1.0.0 13.00 71.00 84.00 NOTE

Check Details

Version: 1.0.0
Check: LazyData
Result: NOTE
     'LazyData' is specified without a 'data' directory
Flavors: r-devel-linux-x86_64-debian-clang, r-devel-linux-x86_64-debian-gcc, r-devel-linux-x86_64-fedora-clang, r-devel-linux-x86_64-fedora-gcc, r-devel-windows-x86_64, r-patched-linux-x86_64, r-release-linux-x86_64, r-release-macos-arm64, r-release-macos-x86_64, r-release-windows-x86_64, r-oldrel-macos-arm64, r-oldrel-macos-x86_64, r-oldrel-windows-ix86+x86_64