Last updated on 2022-05-24 12:52:41 CEST.
Flavor | Version | Tinstall | Tcheck | Ttotal | Status | Flags |
---|---|---|---|---|---|---|
r-devel-linux-x86_64-debian-clang | 0.1.4 | 215.88 | 73.44 | 289.32 | OK | |
r-devel-linux-x86_64-debian-gcc | 0.1.4 | 174.29 | 56.05 | 230.34 | OK | |
r-devel-linux-x86_64-fedora-clang | 0.1.4 | 432.60 | NOTE | |||
r-devel-linux-x86_64-fedora-gcc | 0.1.4 | 380.19 | OK | |||
r-devel-windows-x86_64 | 0.1.4 | 181.00 | 113.00 | 294.00 | OK | |
r-patched-linux-x86_64 | 0.1.4 | 191.71 | 70.89 | 262.60 | OK | |
r-release-linux-x86_64 | 0.1.4 | OK | ||||
r-release-macos-arm64 | 0.1.4 | 84.00 | NOTE | |||
r-release-macos-x86_64 | 0.1.4 | 109.00 | NOTE | |||
r-release-windows-x86_64 | 0.1.4 | 174.00 | 119.00 | 293.00 | OK | |
r-oldrel-macos-arm64 | 0.1.4 | 97.00 | NOTE | |||
r-oldrel-macos-x86_64 | 0.1.4 | 158.00 | NOTE | |||
r-oldrel-windows-ix86+x86_64 | 0.1.4 | 540.00 | 111.00 | 651.00 | OK |
Version: 0.1.4
Check: installed package size
Result: NOTE
installed size is 5.4Mb
sub-directories of 1Mb or more:
libs 4.6Mb
Flavors: r-devel-linux-x86_64-fedora-clang, r-release-macos-arm64, r-release-macos-x86_64, r-oldrel-macos-arm64, r-oldrel-macos-x86_64