CRAN Package Check Results for Package evian

Last updated on 2022-12-03 09:53:34 CET.

Flavor Version Tinstall Tcheck Ttotal Status Flags
r-devel-linux-x86_64-debian-clang 2.1.0 2.33 64.98 67.31 NOTE
r-devel-linux-x86_64-debian-gcc 2.1.0 3.05 49.41 52.46 NOTE
r-devel-linux-x86_64-fedora-clang 2.1.0 93.12 NOTE
r-devel-linux-x86_64-fedora-gcc 2.1.0 97.98 NOTE
r-devel-windows-x86_64 2.1.0 12.00 94.00 106.00 NOTE
r-patched-linux-x86_64 2.1.0 3.91 60.83 64.74 OK
r-release-linux-x86_64 2.1.0 2.87 61.61 64.48 OK
r-release-macos-arm64 2.1.0 32.00 OK
r-release-macos-x86_64 2.1.0 39.00 OK
r-release-windows-x86_64 2.1.0 12.00 97.00 109.00 OK
r-oldrel-macos-arm64 2.1.0 35.00 OK
r-oldrel-macos-x86_64 2.1.0 54.00 OK
r-oldrel-windows-ix86+x86_64 2.1.0 8.00 88.00 96.00 OK

Check Details

Version: 2.1.0
Check: Rd files
Result: NOTE
    checkRd: (-1) calculateGLR.Rd:43: Escaped LaTeX specials: \&
Flavors: r-devel-linux-x86_64-debian-clang, r-devel-linux-x86_64-debian-gcc, r-devel-linux-x86_64-fedora-clang, r-devel-linux-x86_64-fedora-gcc, r-devel-windows-x86_64