CRAN Package Check Results for Package evidence

Last updated on 2021-10-21 14:51:33 CEST.

Flavor Version Tinstall Tcheck Ttotal Status Flags
r-devel-linux-x86_64-debian-clang 0.8.10 15.72 205.58 221.30 OK
r-devel-linux-x86_64-debian-gcc 0.8.10 12.33 152.19 164.52 OK
r-devel-linux-x86_64-fedora-clang 0.8.10 277.00 OK
r-devel-linux-x86_64-fedora-gcc 0.8.10 270.16 OK
r-devel-windows-x86_64 0.8.10 39.00 257.00 296.00 OK
r-devel-windows-x86_64-gcc10-UCRT 0.8.10 ERROR
r-patched-linux-x86_64 0.8.10 16.07 192.82 208.89 OK
r-patched-solaris-x86 0.8.10 393.00 OK
r-release-linux-x86_64 0.8.10 14.95 194.72 209.67 OK
r-release-macos-arm64 0.8.10 OK
r-release-macos-x86_64 0.8.10 OK
r-release-windows-ix86+x86_64 0.8.10 59.00 246.00 305.00 OK
r-oldrel-macos-x86_64 0.8.10 OK
r-oldrel-windows-ix86+x86_64 0.8.10 60.00 242.00 302.00 OK

Check Details

Version: 0.8.10
Check: package dependencies
Result: ERROR
    Package required but not available: 'rstanarm'
    
    See section 'The DESCRIPTION file' in the 'Writing R Extensions'
    manual.
Flavor: r-devel-windows-x86_64-gcc10-UCRT