CRAN Package Check Results for Package evidence

Last updated on 2024-02-21 14:48:29 CET.

Flavor Version Tinstall Tcheck Ttotal Status Flags
r-devel-linux-x86_64-debian-clang 0.8.10 NOTE
r-devel-linux-x86_64-debian-gcc 0.8.10 21.84 194.39 216.23 NOTE
r-devel-linux-x86_64-fedora-clang 0.8.10 399.41 NOTE
r-devel-linux-x86_64-fedora-gcc 0.8.10 383.24 NOTE
r-devel-windows-x86_64 0.8.10 22.00 197.00 219.00 NOTE
r-patched-linux-x86_64 0.8.10 28.87 256.25 285.12 NOTE
r-release-linux-x86_64 0.8.10 28.40 254.98 283.38 NOTE
r-release-macos-arm64 0.8.10 82.00 NOTE
r-release-macos-x86_64 0.8.10 143.00 NOTE
r-release-windows-x86_64 0.8.10 24.00 249.00 273.00 NOTE
r-oldrel-macos-arm64 0.8.10 80.00 OK
r-oldrel-windows-x86_64 0.8.10 25.00 248.00 273.00 OK

Check Details

Version: 0.8.10
Check: Rd files
Result: NOTE checkRd: (-1) Snoring.Rd:21: Escaped LaTeX specials: \& Flavors: r-devel-linux-x86_64-debian-clang, r-devel-linux-x86_64-debian-gcc, r-devel-linux-x86_64-fedora-clang, r-devel-linux-x86_64-fedora-gcc, r-devel-windows-x86_64, r-patched-linux-x86_64, r-release-linux-x86_64, r-release-macos-arm64, r-release-macos-x86_64, r-release-windows-x86_64