CRAN Package Check Results for Package evobiR

Last updated on 2024-02-21 15:50:45 CET.

Flavor Version Tinstall Tcheck Ttotal Status Flags
r-devel-linux-x86_64-debian-clang 1.1 NOTE
r-devel-linux-x86_64-debian-gcc 1.1 9.86 78.24 88.10 NOTE
r-devel-linux-x86_64-fedora-clang 1.1 144.02 NOTE
r-devel-linux-x86_64-fedora-gcc 1.1 137.91 NOTE
r-devel-windows-x86_64 1.1 12.00 96.00 108.00 OK
r-patched-linux-x86_64 1.1 11.84 102.92 114.76 NOTE
r-release-linux-x86_64 1.1 12.53 104.17 116.70 NOTE
r-release-macos-arm64 1.1 45.00 OK
r-release-macos-x86_64 1.1 73.00 OK
r-release-windows-x86_64 1.1 15.00 116.00 131.00 OK
r-oldrel-macos-arm64 1.1 39.00 OK
r-oldrel-windows-x86_64 1.1 16.00 122.00 138.00 OK

Check Details

Version: 1.1
Check: for non-standard things in the check directory
Result: NOTE Found the following files/directories: ‘sample .nwk’ Flavors: r-devel-linux-x86_64-debian-clang, r-devel-linux-x86_64-debian-gcc, r-devel-linux-x86_64-fedora-clang, r-devel-linux-x86_64-fedora-gcc, r-patched-linux-x86_64, r-release-linux-x86_64